{"id":8731,"date":"2024-06-10T17:11:37","date_gmt":"2024-06-10T15:11:37","guid":{"rendered":"http:\/\/gruene-schwerte.de\/?page_id=8731"},"modified":"2024-06-14T19:00:58","modified_gmt":"2024-06-14T17:00:58","slug":"24_06_17_awfso","status":"publish","type":"page","link":"https:\/\/gruene-schwerte.de\/index.php\/24_06_17_awfso\/","title":{"rendered":"TRISS &#8211; Ausschuss f\u00fcr Wirtschaft, Finanzen, Sicherheit und Ordnung"},"content":{"rendered":"\n<p>17.06.2024, 17 Uhr, Ratssaal, Rathausstra\u00dfe 31, 58239 Schwerte<br><\/p>\n\n\n\n<p><a href=\"http:\/\/gruene-schwerte.de\/wp-content\/uploads\/2024\/06\/24_06_17_AWFSO_Einladung-Ausschuss.pdf\" data-type=\"attachment\" data-id=\"8752\" target=\"_blank\" rel=\"noreferrer noopener\">Einladung<\/a><\/p>\n\n\n\n<p><strong>Tagesordnung<\/strong><\/p>\n\n\n\n<p>TOP 1 &#8211; Feststellung der form- und fristgerechten Einladung sowie Beschlussf\u00e4higkeit des Ausschusses<\/p>\n\n\n\n<p>TOP 2 &#8211; Genehmigung der Tagesordnung<\/p>\n\n\n\n<p>TOP 3 &#8211; Einwohner*innenfragestunde<\/p>\n\n\n\n<p>TOP 4 &#8211; Verpflichtung von Ausschussmitgliedern<\/p>\n\n\n\n<p>TOP 5 &#8211; Feststellung von Befangenheit<\/p>\n\n\n\n<p><a href=\"http:\/\/gruene-schwerte.de\/wp-content\/uploads\/2024\/06\/24_06_17_AWFSO_TOP-6-X_1036_1-Empfehlung-AUKM.pdf\" data-type=\"attachment\" data-id=\"8743\">TOP 6 &#8211; Empfehlung des AUKM vom 28.06.2024 an den AWFSO zum Thema Verkehrsversuch und Fahrradstra\u00dfe (X\/1036\/1)<\/a><\/p>\n\n\n\n<p><a href=\"http:\/\/gruene-schwerte.de\/wp-content\/uploads\/2024\/06\/24_06_17_AWFSO_TOP-6-Anlage-X_1036-Vorlage-AUKM.pdf\" data-type=\"attachment\" data-id=\"8744\">Anlage 1 Vorlage AUKM<\/a><\/p>\n\n\n\n<p><a href=\"http:\/\/gruene-schwerte.de\/wp-content\/uploads\/2024\/06\/24_06_17_AWFSO_TOP-6-Anlage-Potentielle-Fahrradstrassen-.pdf\" data-type=\"attachment\" data-id=\"8745\">Anlage 2 Karte Potentielle Fahrradstra\u00dfen<\/a><\/p>\n\n\n\n<p><a href=\"http:\/\/gruene-schwerte.de\/wp-content\/uploads\/2024\/06\/24_06_17_AWFSO_TOP-6.1-X_1029_1-Vorlage-Buergerantrag.pdf\" data-type=\"attachment\" data-id=\"8741\">TOP 6.1 &#8211; B\u00fcrgerantrag<br>hier: Durchf\u00fchrung eines Verkehrsversuchs zur Ausweisung einer Fahrradstra\u00dfe und Einrichtung von \u00dcberquerungshilfen (X1029\/1)<\/a><\/p>\n\n\n\n<p><a href=\"http:\/\/gruene-schwerte.de\/wp-content\/uploads\/2024\/06\/24_06_17_AWFSO_TOP-6.1.-X_1029_1-Anlage-1-Beschluss-ABB.pdf\" data-type=\"attachment\" data-id=\"8740\">Anlage 1 Beschluss ABB<\/a><\/p>\n\n\n\n<p><a href=\"http:\/\/gruene-schwerte.de\/wp-content\/uploads\/2024\/06\/24_06_17_AWFSO_TOP-6.1-X_1029_1-Anlage-2-Buergerantrag-ABB.pdf\" data-type=\"attachment\" data-id=\"8742\">Anlage 2 B\u00fcrgerantrag ABB<\/a><\/p>\n\n\n\n<p><a href=\"http:\/\/gruene-schwerte.de\/wp-content\/uploads\/2024\/06\/24_06_17_AWFSO_TOP-6.1.-X_1029_1-Anlage-3-Stellungnahme-ABB.pdf\" data-type=\"attachment\" data-id=\"8739\">Anlage 3 Stellungnahme ABB<\/a><\/p>\n\n\n\n<p><a href=\"http:\/\/gruene-schwerte.de\/wp-content\/uploads\/2024\/06\/24_06_17_AWFSO_TOP-7-X_1017-Eigenkapitalstaerkung-Sonderv.-Baeder.pdf\" data-type=\"attachment\" data-id=\"8738\">TOP 7 &#8211; Eigenkapitalst\u00e4rkung im Konzern Sonderverm\u00f6gen B\u00e4der (X\/1017)<\/a><\/p>\n\n\n\n<p><a href=\"http:\/\/gruene-schwerte.de\/wp-content\/uploads\/2024\/06\/24_06_17_AWFSO_TOP-8-X_1053-Bewohnerparkgebuehrensatzung.pdf\" data-type=\"attachment\" data-id=\"8736\">TOP 8 &#8211; \u00c4nderung der Bewohnerparkgeb\u00fchrensatzung; hier: Neufassung einer Geb\u00fchrenordnung f\u00fcr die Erhebung von Parkgeb\u00fchren (X\/1053)<\/a><\/p>\n\n\n\n<p><a href=\"http:\/\/gruene-schwerte.de\/wp-content\/uploads\/2024\/06\/24_06_17_AWFSO_TOP-8-X_1053-Bewohnerparkgebuehrensatzung.pdf\" data-type=\"link\" data-id=\"http:\/\/gruene-schwerte.de\/wp-content\/uploads\/2024\/06\/24_06_17_AWFSO_TOP-8-X_1053-Bewohnerparkgebuehrensatzung.pdf\" target=\"_blank\" rel=\"noreferrer noopener\">Vorlage<\/a><\/p>\n\n\n\n<p><a href=\"http:\/\/gruene-schwerte.de\/wp-content\/uploads\/2024\/06\/24_06_17_AWFSO_10_Aenderung.pdf\" data-type=\"attachment\" data-id=\"8862\" target=\"_blank\" rel=\"noreferrer noopener\">\u00c4nderungsantrag Fraktion Die Gr\u00fcnen (X\/1053\/1)<\/a><\/p>\n\n\n\n<p><a href=\"http:\/\/gruene-schwerte.de\/wp-content\/uploads\/2024\/06\/24_06_17_AWFSO_-8-Anlage-Gebuehrenordnung.pdf\" data-type=\"attachment\" data-id=\"8737\">Anlage Geb\u00fchrenordnung f\u00fcr die Erhebung von Parkgeb\u00fchren<\/a><\/p>\n\n\n\n<p><a href=\"http:\/\/gruene-schwerte.de\/wp-content\/uploads\/2024\/06\/24_06_17_AWFSO_TOP-9-X_1013-Antrag-CDU-Strassenbeschilderung.pdf\" data-type=\"attachment\" data-id=\"8735\">TOP 9 &#8211; Pr\u00fcfantrag Stra\u00dfenbeschilderung &#8211; Antrag der CDU-Fraktion vom 03.03.2024 (Eingang am 03.04.2024) &#8211; (X\/1013)<\/a><\/p>\n\n\n\n<p><a href=\"http:\/\/gruene-schwerte.de\/wp-content\/uploads\/2024\/06\/24_06_17_AWFSO_TOP-10-X_1024-Antrag-SPD-Tempo-50.pdf\" data-type=\"attachment\" data-id=\"8751\">TOP 10 &#8211; Pr\u00fcfauftrag&nbsp;\u2013&nbsp;Tempo 50 auf der Stra\u00dfe Am Eckey\/Alter Dortmunder Weg- Antrag der SPD-Fraktion vom 26.04.2024 (Eingang am 29.04.2024) &#8211; (X\/1024)<\/a><\/p>\n\n\n\n<p><a href=\"http:\/\/gruene-schwerte.de\/wp-content\/uploads\/2024\/06\/24_06_17_AWFSO_-11-X_1027-Antrag-Gruene-Erste-Hilfe-Kurse.pdf\" data-type=\"attachment\" data-id=\"8750\">TOP 11 &#8211; Erste-Hilfe-Kurse zum Tag der ersten Hilfe<br>&#8211; Antrag der Fraktion Die Gr\u00fcnen vom 30.04.2024 (Eingang am 30.04.2024) &#8211; (X\/1027)<\/a><\/p>\n\n\n\n<p><a href=\"http:\/\/gruene-schwerte.de\/wp-content\/uploads\/2024\/06\/24_06_17_AWFSO_TOP-12-X_1039-Antrag-Gruene-Verkehssicherheit-Schulstrassen.pdf\" data-type=\"attachment\" data-id=\"8749\">TOP 12 &#8211; Mehr Verkehrssicherheit f\u00fcr Sch\u00fcler*innen durch Schulstra\u00dfen &#8211; Antrag der Fraktion Die Gr\u00fcnen vom 07.05.2024 (Eingang am 07.05.2024) &#8211; (X\/1039)<\/a><\/p>\n\n\n\n<p><a href=\"http:\/\/gruene-schwerte.de\/wp-content\/uploads\/2024\/06\/24_06_17_AWFSO_TOP-13-X_1056-Antrag-Weyers-Geschwindigkeitsbegrenzung-Ostenstr.pdf\" data-type=\"attachment\" data-id=\"8748\">TOP 13 &#8211; Antrag auf Pr\u00fcfung einer Geschwindigkeitsbegrenzung in der Ostenstr.- Antrag des fraktionslosen Ratsmitgliedes Weyers vom 26.05.2024 (Eingang: 03.06.2024) (X\/1056)<\/a><\/p>\n\n\n\n<p>TOP 14 &#8211; Bericht gem\u00e4\u00df \u00a7 5 Zust\u00e4ndigkeitsordnung mit Beschlussausf\u00fchrungskontrolle<\/p>\n\n\n\n<p>TOP 15 &#8211; Informationen und Anfragen<\/p>\n\n\n\n<p><a href=\"http:\/\/gruene-schwerte.de\/wp-content\/uploads\/2024\/06\/24_06_17_AWFSO_TOP-15.1.-X_1041-Anfrage-CDU-Cannabis-Social-Clubs.pdf\" data-type=\"attachment\" data-id=\"8747\">TOP 15.1 &#8211; Anfrage bez\u00fcglich des Umgangs der Stadtverwaltung mit Cannabis &#8211; Anfrage der CDU-Fraktion vom 17.04.2024 (Eingang am 03.05.2024) &#8211; (X\/1041)<\/a><\/p>\n\n\n\n<p><a href=\"http:\/\/gruene-schwerte.de\/wp-content\/uploads\/2024\/06\/24_06_17_AWFSO_TOP-15.2.-X_1057-Anfrage-CDU-Verkehssicherheit-Am-Eckey-Alter-Dortmunder-Weg.pdf\" data-type=\"attachment\" data-id=\"8746\">TOP 15.2 Verbesserung der Verkehrssicherheit an der Ampelkreuzung Am Eckey\/Alter Dortmunder Weg- Anfrage der CDU-Fraktion vom 26.04.2024 (Eingang: 11.05.2024) (X\/1057<\/a><\/p>\n\n\n\n<p><\/p>\n\n\n\n<p><\/p>\n\n\n\n<p><\/p>\n","protected":false},"excerpt":{"rendered":"<p>17.06.2024, 17 Uhr, Ratssaal, Rathausstra\u00dfe 31, 58239 Schwerte Einladung Tagesordnung TOP 1 &#8211; Feststellung der form- und fristgerechten Einladung sowie Beschlussf\u00e4higkeit des Ausschusses TOP 2 &#8211; Genehmigung der Tagesordnung TOP [&hellip;]<\/p>\n","protected":false},"author":9,"featured_media":0,"parent":0,"menu_order":0,"comment_status":"closed","ping_status":"closed","template":"","meta":{"ngg_post_thumbnail":0,"footnotes":""},"class_list":["post-8731","page","type-page","status-publish","hentry"],"jetpack_sharing_enabled":true,"_links":{"self":[{"href":"https:\/\/gruene-schwerte.de\/index.php\/wp-json\/wp\/v2\/pages\/8731","targetHints":{"allow":["GET"]}}],"collection":[{"href":"https:\/\/gruene-schwerte.de\/index.php\/wp-json\/wp\/v2\/pages"}],"about":[{"href":"https:\/\/gruene-schwerte.de\/index.php\/wp-json\/wp\/v2\/types\/page"}],"author":[{"embeddable":true,"href":"https:\/\/gruene-schwerte.de\/index.php\/wp-json\/wp\/v2\/users\/9"}],"replies":[{"embeddable":true,"href":"https:\/\/gruene-schwerte.de\/index.php\/wp-json\/wp\/v2\/comments?post=8731"}],"version-history":[{"count":6,"href":"https:\/\/gruene-schwerte.de\/index.php\/wp-json\/wp\/v2\/pages\/8731\/revisions"}],"predecessor-version":[{"id":8863,"href":"https:\/\/gruene-schwerte.de\/index.php\/wp-json\/wp\/v2\/pages\/8731\/revisions\/8863"}],"wp:attachment":[{"href":"https:\/\/gruene-schwerte.de\/index.php\/wp-json\/wp\/v2\/media?parent=8731"}],"curies":[{"name":"wp","href":"https:\/\/api.w.org\/{rel}","templated":true}]}}

TRISS &#8211; Ausschuss für Wirtschaft, Finanzen, Sicherheit und Ordnung

<p>17.06.2024, 17 Uhr, Ratssaal, Rathausstraße 31, 58239 Schwerte<br></p>



<p><a href="http://gruene-schwerte.de/wp-content/uploads/2024/06/24_06_17_AWFSO_Einladung-Ausschuss.pdf" data-type="attachment" data-id="8752" target="_blank" rel="noreferrer noopener">Einladung</a></p>



<p><strong>Tagesordnung</strong></p>



<p>TOP 1 &#8211; Feststellung der form- und fristgerechten Einladung sowie Beschlussfähigkeit des Ausschusses</p>



<p>TOP 2 &#8211; Genehmigung der Tagesordnung</p>



<p>TOP 3 &#8211; Einwohner*innenfragestunde</p>



<p>TOP 4 &#8211; Verpflichtung von Ausschussmitgliedern</p>



<p>TOP 5 &#8211; Feststellung von Befangenheit</p>



<p><a href="http://gruene-schwerte.de/wp-content/uploads/2024/06/24_06_17_AWFSO_TOP-6-X_1036_1-Empfehlung-AUKM.pdf" data-type="attachment" data-id="8743">TOP 6 &#8211; Empfehlung des AUKM vom 28.06.2024 an den AWFSO zum Thema Verkehrsversuch und Fahrradstraße (X/1036/1)</a></p>



<p><a href="http://gruene-schwerte.de/wp-content/uploads/2024/06/24_06_17_AWFSO_TOP-6-Anlage-X_1036-Vorlage-AUKM.pdf" data-type="attachment" data-id="8744">Anlage 1 Vorlage AUKM</a></p>



<p><a href="http://gruene-schwerte.de/wp-content/uploads/2024/06/24_06_17_AWFSO_TOP-6-Anlage-Potentielle-Fahrradstrassen-.pdf" data-type="attachment" data-id="8745">Anlage 2 Karte Potentielle Fahrradstraßen</a></p>



<p><a href="http://gruene-schwerte.de/wp-content/uploads/2024/06/24_06_17_AWFSO_TOP-6.1-X_1029_1-Vorlage-Buergerantrag.pdf" data-type="attachment" data-id="8741">TOP 6.1 &#8211; Bürgerantrag<br>hier: Durchführung eines Verkehrsversuchs zur Ausweisung einer Fahrradstraße und Einrichtung von Überquerungshilfen (X1029/1)</a></p>



<p><a href="http://gruene-schwerte.de/wp-content/uploads/2024/06/24_06_17_AWFSO_TOP-6.1.-X_1029_1-Anlage-1-Beschluss-ABB.pdf" data-type="attachment" data-id="8740">Anlage 1 Beschluss ABB</a></p>



<p><a href="http://gruene-schwerte.de/wp-content/uploads/2024/06/24_06_17_AWFSO_TOP-6.1-X_1029_1-Anlage-2-Buergerantrag-ABB.pdf" data-type="attachment" data-id="8742">Anlage 2 Bürgerantrag ABB</a></p>



<p><a href="http://gruene-schwerte.de/wp-content/uploads/2024/06/24_06_17_AWFSO_TOP-6.1.-X_1029_1-Anlage-3-Stellungnahme-ABB.pdf" data-type="attachment" data-id="8739">Anlage 3 Stellungnahme ABB</a></p>



<p><a href="http://gruene-schwerte.de/wp-content/uploads/2024/06/24_06_17_AWFSO_TOP-7-X_1017-Eigenkapitalstaerkung-Sonderv.-Baeder.pdf" data-type="attachment" data-id="8738">TOP 7 &#8211; Eigenkapitalstärkung im Konzern Sondervermögen Bäder (X/1017)</a></p>



<p><a href="http://gruene-schwerte.de/wp-content/uploads/2024/06/24_06_17_AWFSO_TOP-8-X_1053-Bewohnerparkgebuehrensatzung.pdf" data-type="attachment" data-id="8736">TOP 8 &#8211; Änderung der Bewohnerparkgebührensatzung; hier: Neufassung einer Gebührenordnung für die Erhebung von Parkgebühren (X/1053)</a></p>



<p><a href="http://gruene-schwerte.de/wp-content/uploads/2024/06/24_06_17_AWFSO_TOP-8-X_1053-Bewohnerparkgebuehrensatzung.pdf" data-type="link" data-id="http://gruene-schwerte.de/wp-content/uploads/2024/06/24_06_17_AWFSO_TOP-8-X_1053-Bewohnerparkgebuehrensatzung.pdf" target="_blank" rel="noreferrer noopener">Vorlage</a></p>



<p><a href="http://gruene-schwerte.de/wp-content/uploads/2024/06/24_06_17_AWFSO_10_Aenderung.pdf" data-type="attachment" data-id="8862" target="_blank" rel="noreferrer noopener">Änderungsantrag Fraktion Die Grünen (X/1053/1)</a></p>



<p><a href="http://gruene-schwerte.de/wp-content/uploads/2024/06/24_06_17_AWFSO_-8-Anlage-Gebuehrenordnung.pdf" data-type="attachment" data-id="8737">Anlage Gebührenordnung für die Erhebung von Parkgebühren</a></p>



<p><a href="http://gruene-schwerte.de/wp-content/uploads/2024/06/24_06_17_AWFSO_TOP-9-X_1013-Antrag-CDU-Strassenbeschilderung.pdf" data-type="attachment" data-id="8735">TOP 9 &#8211; Prüfantrag Straßenbeschilderung &#8211; Antrag der CDU-Fraktion vom 03.03.2024 (Eingang am 03.04.2024) &#8211; (X/1013)</a></p>



<p><a href="http://gruene-schwerte.de/wp-content/uploads/2024/06/24_06_17_AWFSO_TOP-10-X_1024-Antrag-SPD-Tempo-50.pdf" data-type="attachment" data-id="8751">TOP 10 &#8211; Prüfauftrag&nbsp;–&nbsp;Tempo 50 auf der Straße Am Eckey/Alter Dortmunder Weg- Antrag der SPD-Fraktion vom 26.04.2024 (Eingang am 29.04.2024) &#8211; (X/1024)</a></p>



<p><a href="http://gruene-schwerte.de/wp-content/uploads/2024/06/24_06_17_AWFSO_-11-X_1027-Antrag-Gruene-Erste-Hilfe-Kurse.pdf" data-type="attachment" data-id="8750">TOP 11 &#8211; Erste-Hilfe-Kurse zum Tag der ersten Hilfe<br>&#8211; Antrag der Fraktion Die Grünen vom 30.04.2024 (Eingang am 30.04.2024) &#8211; (X/1027)</a></p>



<p><a href="http://gruene-schwerte.de/wp-content/uploads/2024/06/24_06_17_AWFSO_TOP-12-X_1039-Antrag-Gruene-Verkehssicherheit-Schulstrassen.pdf" data-type="attachment" data-id="8749">TOP 12 &#8211; Mehr Verkehrssicherheit für Schüler*innen durch Schulstraßen &#8211; Antrag der Fraktion Die Grünen vom 07.05.2024 (Eingang am 07.05.2024) &#8211; (X/1039)</a></p>



<p><a href="http://gruene-schwerte.de/wp-content/uploads/2024/06/24_06_17_AWFSO_TOP-13-X_1056-Antrag-Weyers-Geschwindigkeitsbegrenzung-Ostenstr.pdf" data-type="attachment" data-id="8748">TOP 13 &#8211; Antrag auf Prüfung einer Geschwindigkeitsbegrenzung in der Ostenstr.- Antrag des fraktionslosen Ratsmitgliedes Weyers vom 26.05.2024 (Eingang: 03.06.2024) (X/1056)</a></p>



<p>TOP 14 &#8211; Bericht gemäß § 5 Zuständigkeitsordnung mit Beschlussausführungskontrolle</p>



<p>TOP 15 &#8211; Informationen und Anfragen</p>



<p><a href="http://gruene-schwerte.de/wp-content/uploads/2024/06/24_06_17_AWFSO_TOP-15.1.-X_1041-Anfrage-CDU-Cannabis-Social-Clubs.pdf" data-type="attachment" data-id="8747">TOP 15.1 &#8211; Anfrage bezüglich des Umgangs der Stadtverwaltung mit Cannabis &#8211; Anfrage der CDU-Fraktion vom 17.04.2024 (Eingang am 03.05.2024) &#8211; (X/1041)</a></p>



<p><a href="http://gruene-schwerte.de/wp-content/uploads/2024/06/24_06_17_AWFSO_TOP-15.2.-X_1057-Anfrage-CDU-Verkehssicherheit-Am-Eckey-Alter-Dortmunder-Weg.pdf" data-type="attachment" data-id="8746">TOP 15.2 Verbesserung der Verkehrssicherheit an der Ampelkreuzung Am Eckey/Alter Dortmunder Weg- Anfrage der CDU-Fraktion vom 26.04.2024 (Eingang: 11.05.2024) (X/1057</a></p>



<p></p>



<p></p>



<p></p>

<p>17.06.2024, 17 Uhr, Ratssaal, Rathausstraße 31, 58239 Schwerte Einladung Tagesordnung TOP 1 &#8211; Feststellung der form- und fristgerechten Einladung sowie Beschlussfähigkeit des Ausschusses TOP 2 &#8211; Genehmigung der Tagesordnung TOP [&hellip;]</p>
