{"id":8548,"date":"2024-05-20T16:27:14","date_gmt":"2024-05-20T14:27:14","guid":{"rendered":"http:\/\/gruene-schwerte.de\/?page_id=8548"},"modified":"2024-05-28T13:26:52","modified_gmt":"2024-05-28T11:26:52","slug":"24_05_29_apwb","status":"publish","type":"page","link":"https:\/\/gruene-schwerte.de\/index.php\/24_05_29_apwb\/","title":{"rendered":"TRISS &#8211; Ausschuss f\u00fcr Planen, Bauen und Wohnen"},"content":{"rendered":"\n<p>29.05.2024, 17 Uhr, Ratssaal, Rathausstra\u00dfe 31, 58239 Schwerte<br><\/p>\n\n\n\n<p><a href=\"http:\/\/gruene-schwerte.de\/wp-content\/uploads\/2024\/05\/24_05_29_APBW_Einladung.pdf\" data-type=\"attachment\" data-id=\"8554\" target=\"_blank\" rel=\"noreferrer noopener\">Einladung<\/a><\/p>\n\n\n\n<p><strong>Tagesordnung<\/strong><\/p>\n\n\n\n<p>TOP 1 &#8211; Feststellung der form- und fristgerechten Einladung sowie Beschlussf\u00e4higkeit des Ausschusses<\/p>\n\n\n\n<p>TOP 2 &#8211; Genehmigung der Tagesordnung<\/p>\n\n\n\n<p>TOP 3 &#8211; Einwohner*innenfragestunde<\/p>\n\n\n\n<p>TOP 4 &#8211; Verpflichtung von Ausschussmitgliedern<\/p>\n\n\n\n<p>TOP 5 &#8211; Feststellung von Befangenheit<\/p>\n\n\n\n<p>TOP 6 &#8211; Bebauungsplan Nr. 207 &#8222;Feuerwehr Ergste&#8220;, sowie 24. \u00c4nderung des Fl\u00e4chennutzungsplans<br>hier: Aufstellungs- bzw. \u00c4nderungsbeschluss gem. \u00a7 2 Abs. 1 BauGB bzw. gem. \u00a7 8 Abs. 3 BauGB sowie Beschluss zur fr\u00fchzeitigen Beteiligung gem. \u00a7 3 Abs. 1 und \u00a7 4 Abs. 1 BauGB (X\/1035)<\/p>\n\n\n\n<p><a href=\"http:\/\/gruene-schwerte.de\/wp-content\/uploads\/2024\/05\/24_05_29_APBW_6_Vorlage.pdf\" data-type=\"attachment\" data-id=\"8549\" target=\"_blank\" rel=\"noreferrer noopener\">Vorlage<\/a><\/p>\n\n\n\n<p><a href=\"http:\/\/gruene-schwerte.de\/wp-content\/uploads\/2024\/05\/24_05_29_APBW_6_Anlage_1_Geltungsbereich_B-Plan_Nr_207_Feuerwehr_Ergste.pdf\" data-type=\"attachment\" data-id=\"8555\" target=\"_blank\" rel=\"noreferrer noopener\">Anlage 1 &#8211; Geltungsbereich B-Plan Nr. 207 &#8222;Feuerwehr Ergste&#8220;<\/a><\/p>\n\n\n\n<p><a href=\"http:\/\/gruene-schwerte.de\/wp-content\/uploads\/2024\/05\/24_05_29_APBW_6_Anlage_2_Geltungsbereich_FNP-Aenderung_Nr_24.pdf\" data-type=\"attachment\" data-id=\"8556\" target=\"_blank\" rel=\"noreferrer noopener\">Anlage 2 &#8211; Geltungsbereich FNP-\u00c4nderung Nr. 24<\/a><\/p>\n\n\n\n<p><a href=\"http:\/\/gruene-schwerte.de\/wp-content\/uploads\/2024\/05\/24_05_29_APBW_6_Anlage_3_Uebersichtsplan_Entwurf.pdf\" data-type=\"attachment\" data-id=\"8557\" target=\"_blank\" rel=\"noreferrer noopener\">Anlage 3 &#8211; \u00dcbersichtsplan (Entwurf)<\/a><\/p>\n\n\n\n<p>TOP 7 &#8211; Aufhebung des Bebauungsplans Nr. 24 &#8222;Gr\u00fcnstra\u00dfe&#8220;<br>Behandlung der Anregungen im Rahmen der Offenlage gem. \u00a7 3 Abs. 2 und \u00a7 4 Abs. 2 BauGB und Satzungsbeschluss zur Aufhebung gem. \u00a7 10 Abs. 1 BauGB (X\/1025)<\/p>\n\n\n\n<p><a href=\"http:\/\/gruene-schwerte.de\/wp-content\/uploads\/2024\/05\/24_05_29_APBW_7_Vorlage.pdf\" data-type=\"attachment\" data-id=\"8553\" target=\"_blank\" rel=\"noreferrer noopener\">Vorlage<\/a><\/p>\n\n\n\n<p><a href=\"http:\/\/gruene-schwerte.de\/wp-content\/uploads\/2024\/05\/24_05_29_APBW_7_Anlage_1_Bebauungsplan_Nr_24_Gruenstrasse.pdf\" data-type=\"attachment\" data-id=\"8550\" target=\"_blank\" rel=\"noreferrer noopener\">Anlage 1 &#8211; Bebauungsplan Nr. 24 &#8222;Gr\u00fcnstra\u00dfe&#8220;<\/a><\/p>\n\n\n\n<p><a href=\"http:\/\/gruene-schwerte.de\/wp-content\/uploads\/2024\/05\/24_05_29_APBW_7_Anlage_2_Begruendung_zur_Aufhebung_des_Bebauungsplans_Nr_24_Gruenstrasse.pdf\" data-type=\"attachment\" data-id=\"8551\" target=\"_blank\" rel=\"noreferrer noopener\">Anlage 2 &#8211; Begr\u00fcndung zur Aufhebung des Bebauungsplans Nr. 24 &#8222;Gr\u00fcnstra\u00dfe&#8220;<\/a><\/p>\n\n\n\n<p><a href=\"http:\/\/gruene-schwerte.de\/wp-content\/uploads\/2024\/05\/24_05_29_APBW_7_Anlage_3_Anregungen_zur_Aufhebung_des_Bebauungsplans_Nr_24_Gruenstrasse_gem_4_Abs_2_BauGB.pdf\" data-type=\"attachment\" data-id=\"8552\" target=\"_blank\" rel=\"noreferrer noopener\">Anlage 3 &#8211; Anregungen zur Aufhebung des Bebauungsplans Nr. 24 &#8222;Gr\u00fcnstra\u00dfe&#8220; gem. \u00a74 Abs. 2 BauGB<\/a><\/p>\n\n\n\n<p>TOP 8 &#8211; 1. \u00c4nderung Bebauungsplan Nr. 163 &#8222;Gewerbegebiet Nattland&#8220;<br>Behandlung der Anregungen im Rahmen der fr\u00fchzeitigen Beteiligung gem. \u00a7 3 Abs. 1 und \u00a7 4 Abs. 1 BauGB sowie der Offenlegung des Bebauungsplans gem. \u00a7 3 Abs. 2 und \u00a7 4 Abs. 2 BauGB<br>Satzungsbeschluss gem. \u00a7 10 Abs. 1 BauGB (X\/1026)<\/p>\n\n\n\n<p><a href=\"http:\/\/gruene-schwerte.de\/wp-content\/uploads\/2024\/05\/24_05_29_APBW_8_Vorlage.pdf\" data-type=\"attachment\" data-id=\"8561\" target=\"_blank\" rel=\"noreferrer noopener\">Vorlage<\/a><\/p>\n\n\n\n<p><a href=\"http:\/\/gruene-schwerte.de\/wp-content\/uploads\/2024\/05\/24_05_29_APBW_8_A1_Aenderung_Bebauungsplan_Nr_163_Gewerbegebiet_Nattland.pdf\" data-type=\"attachment\" data-id=\"8572\" target=\"_blank\" rel=\"noreferrer noopener\">Anlage 1 &#8211; \u00c4nderung Bebauungsplan Nr. 163 &#8222;Gewerbegebiet Nattland&#8220;<\/a><\/p>\n\n\n\n<p><a href=\"http:\/\/gruene-schwerte.de\/wp-content\/uploads\/2024\/05\/24_05_29_APBW_8_A2_Begruendung.pdf\" data-type=\"attachment\" data-id=\"8558\" target=\"_blank\" rel=\"noreferrer noopener\">Anlage 2 &#8211; Begr\u00fcndung zur 1. \u00c4nderung des Bebauungsplans Nr.163 &#8222;Gewerbegebiet Nattland&#8220;<\/a><\/p>\n\n\n\n<p><a href=\"http:\/\/gruene-schwerte.de\/wp-content\/uploads\/2024\/05\/24_05_29_APBW_8_A3_Anregungen_4_Abs_1_BauGB.pdf\" data-type=\"attachment\" data-id=\"8559\" target=\"_blank\" rel=\"noreferrer noopener\">Anlage 3 &#8211; Anregungen zur 1. \u00c4nderung des Bebauungsplans Nr.163 &#8222;Gewerbegebiet Nattland&#8220; gem. \u00a7 4 Abs. 1 BauGB<\/a><\/p>\n\n\n\n<p><a href=\"http:\/\/gruene-schwerte.de\/wp-content\/uploads\/2024\/05\/24_05_29_APBW_8_A4_Anregungen_4_Abs_2_BauGB.pdf\" data-type=\"attachment\" data-id=\"8560\" target=\"_blank\" rel=\"noreferrer noopener\">Anlage 4 &#8211; Anregungen zur 1. \u00c4nderung des Bebauungsplans Nr.163 &#8222;Gewerbegebiet Nattland&#8220; gem. \u00a7 4 Abs. 2 BauGB<\/a><\/p>\n\n\n\n<p>TOP 9 &#8211; Pr\u00fcfauftrag \u00dcberplanung Hagener Stra\u00dfe\/M\u00e4hrstra\u00dfe, Antrag der SPD-Fraktion (X\/1032)<\/p>\n\n\n\n<p><a href=\"http:\/\/gruene-schwerte.de\/wp-content\/uploads\/2024\/05\/24_05_29_APBW_9_Vorblatt.pdf\" data-type=\"attachment\" data-id=\"8563\" target=\"_blank\" rel=\"noreferrer noopener\">Vorblatt<\/a><\/p>\n\n\n\n<p><a href=\"http:\/\/gruene-schwerte.de\/wp-content\/uploads\/2024\/05\/24_05_29_APBW_9_Antrag.pdf\" data-type=\"attachment\" data-id=\"8562\">Antrag<\/a><\/p>\n\n\n\n<p>TOP 10 &#8211; Selbst gestalten: Pr\u00fcfung des Erwerbs der Fl\u00e4che am Cava-Platz, Antrag der Fraktion Die Gr\u00fcnen (X\/1043)<\/p>\n\n\n\n<p><a href=\"http:\/\/gruene-schwerte.de\/wp-content\/uploads\/2024\/05\/24_05_29_APBW_10_Vorblatt.pdf\" data-type=\"attachment\" data-id=\"8565\" target=\"_blank\" rel=\"noreferrer noopener\">Vorblatt<\/a><\/p>\n\n\n\n<p><a href=\"http:\/\/gruene-schwerte.de\/wp-content\/uploads\/2024\/05\/24_05_29_APBW_10_Antrag.pdf\" data-type=\"attachment\" data-id=\"8564\" target=\"_blank\" rel=\"noreferrer noopener\">Antrag<\/a><\/p>\n\n\n\n<p>TOP 11 &#8211; B\u00fcrgerantrag, hier: Abfallsammelstelle auf dem kleinen Markt (X\/1028\/1)<\/p>\n\n\n\n<p><a href=\"http:\/\/gruene-schwerte.de\/wp-content\/uploads\/2024\/05\/24_05_29_APBW_11_Vorlage.pdf\" data-type=\"attachment\" data-id=\"8569\" target=\"_blank\" rel=\"noreferrer noopener\">Vorlage<\/a><\/p>\n\n\n\n<p><a href=\"http:\/\/gruene-schwerte.de\/wp-content\/uploads\/2024\/05\/24_05_29_APBW_11_A1_Beschlussfassung_ABB.pdf\" data-type=\"attachment\" data-id=\"8566\" target=\"_blank\" rel=\"noreferrer noopener\">Anlage 1 &#8211; Beschlussfassung ABB<\/a><\/p>\n\n\n\n<p><a href=\"http:\/\/gruene-schwerte.de\/wp-content\/uploads\/2024\/05\/24_05_29_APBW_11_A2_Buergerantrag.pdf\" data-type=\"attachment\" data-id=\"8567\" target=\"_blank\" rel=\"noreferrer noopener\">Anlage 2 &#8211; B\u00fcrgerantrag<\/a><\/p>\n\n\n\n<p><a href=\"http:\/\/gruene-schwerte.de\/wp-content\/uploads\/2024\/05\/24_05_29_APBW_11_A3_Stellungnahme.pdf\" data-type=\"attachment\" data-id=\"8568\" target=\"_blank\" rel=\"noreferrer noopener\">Anlage 3 &#8211; Stellungnahme der Verwaltung<\/a><\/p>\n\n\n\n<p>TOP 12 &#8211; Bericht gem\u00e4\u00df \u00a7 5 Zust\u00e4ndigkeitsordnung mit Beschlussausf\u00fchrungskontrolle<\/p>\n\n\n\n<p>TOP 13 &#8211; Informationen und Anfragen<\/p>\n\n\n\n<p>TOP 13.1 &#8211; Anfrage: LED-Werbetafeln, Anfrage der Fraktion Die Gr\u00fcnen (X\/1045)<\/p>\n\n\n\n<p><a href=\"http:\/\/gruene-schwerte.de\/wp-content\/uploads\/2024\/05\/24_05_29_APBW_13_Vorblatt.pdf\" data-type=\"attachment\" data-id=\"8571\" target=\"_blank\" rel=\"noreferrer noopener\">Vorblatt<\/a><\/p>\n\n\n\n<p><a href=\"http:\/\/gruene-schwerte.de\/wp-content\/uploads\/2024\/05\/24_05_29_APBW_13_Anfrage.pdf\" data-type=\"attachment\" data-id=\"8570\" target=\"_blank\" rel=\"noreferrer noopener\">Anfrage<\/a><\/p>\n\n\n\n<p>TOP 13.2 (?) &#8211; Anfrage: Sachstand Fl\u00fcssigkeitsaufnahme und -abgabe im \u00f6ffentlichen Raum, Anfrage der Fraktion Die Gr\u00fcnen<\/p>\n\n\n\n<p><a href=\"http:\/\/gruene-schwerte.de\/wp-content\/uploads\/2024\/05\/24_05_29_APBW_Anfrage_Wasser.pdf\" data-type=\"attachment\" data-id=\"8602\" target=\"_blank\" rel=\"noreferrer noopener\">Anfrage<\/a><\/p>\n\n\n\n<p>Protokoll &#8211; liegt noch nicht vor.<\/p>\n\n\n\n<p>Beschlussausf\u00fchrungskontrolle &#8211; Liegt noch nicht vor.<\/p>\n","protected":false},"excerpt":{"rendered":"<p>29.05.2024, 17 Uhr, Ratssaal, Rathausstra\u00dfe 31, 58239 Schwerte Einladung Tagesordnung TOP 1 &#8211; Feststellung der form- und fristgerechten Einladung sowie Beschlussf\u00e4higkeit des Ausschusses TOP 2 &#8211; Genehmigung der Tagesordnung TOP [&hellip;]<\/p>\n","protected":false},"author":2,"featured_media":0,"parent":0,"menu_order":0,"comment_status":"closed","ping_status":"closed","template":"","meta":{"ngg_post_thumbnail":0,"footnotes":""},"class_list":["post-8548","page","type-page","status-publish","hentry"],"jetpack_sharing_enabled":true,"_links":{"self":[{"href":"https:\/\/gruene-schwerte.de\/index.php\/wp-json\/wp\/v2\/pages\/8548","targetHints":{"allow":["GET"]}}],"collection":[{"href":"https:\/\/gruene-schwerte.de\/index.php\/wp-json\/wp\/v2\/pages"}],"about":[{"href":"https:\/\/gruene-schwerte.de\/index.php\/wp-json\/wp\/v2\/types\/page"}],"author":[{"embeddable":true,"href":"https:\/\/gruene-schwerte.de\/index.php\/wp-json\/wp\/v2\/users\/2"}],"replies":[{"embeddable":true,"href":"https:\/\/gruene-schwerte.de\/index.php\/wp-json\/wp\/v2\/comments?post=8548"}],"version-history":[{"count":2,"href":"https:\/\/gruene-schwerte.de\/index.php\/wp-json\/wp\/v2\/pages\/8548\/revisions"}],"predecessor-version":[{"id":8603,"href":"https:\/\/gruene-schwerte.de\/index.php\/wp-json\/wp\/v2\/pages\/8548\/revisions\/8603"}],"wp:attachment":[{"href":"https:\/\/gruene-schwerte.de\/index.php\/wp-json\/wp\/v2\/media?parent=8548"}],"curies":[{"name":"wp","href":"https:\/\/api.w.org\/{rel}","templated":true}]}}

TRISS &#8211; Ausschuss für Planen, Bauen und Wohnen

<p>29.05.2024, 17 Uhr, Ratssaal, Rathausstraße 31, 58239 Schwerte<br></p>



<p><a href="http://gruene-schwerte.de/wp-content/uploads/2024/05/24_05_29_APBW_Einladung.pdf" data-type="attachment" data-id="8554" target="_blank" rel="noreferrer noopener">Einladung</a></p>



<p><strong>Tagesordnung</strong></p>



<p>TOP 1 &#8211; Feststellung der form- und fristgerechten Einladung sowie Beschlussfähigkeit des Ausschusses</p>



<p>TOP 2 &#8211; Genehmigung der Tagesordnung</p>



<p>TOP 3 &#8211; Einwohner*innenfragestunde</p>



<p>TOP 4 &#8211; Verpflichtung von Ausschussmitgliedern</p>



<p>TOP 5 &#8211; Feststellung von Befangenheit</p>



<p>TOP 6 &#8211; Bebauungsplan Nr. 207 &#8222;Feuerwehr Ergste&#8220;, sowie 24. Änderung des Flächennutzungsplans<br>hier: Aufstellungs- bzw. Änderungsbeschluss gem. § 2 Abs. 1 BauGB bzw. gem. § 8 Abs. 3 BauGB sowie Beschluss zur frühzeitigen Beteiligung gem. § 3 Abs. 1 und § 4 Abs. 1 BauGB (X/1035)</p>



<p><a href="http://gruene-schwerte.de/wp-content/uploads/2024/05/24_05_29_APBW_6_Vorlage.pdf" data-type="attachment" data-id="8549" target="_blank" rel="noreferrer noopener">Vorlage</a></p>



<p><a href="http://gruene-schwerte.de/wp-content/uploads/2024/05/24_05_29_APBW_6_Anlage_1_Geltungsbereich_B-Plan_Nr_207_Feuerwehr_Ergste.pdf" data-type="attachment" data-id="8555" target="_blank" rel="noreferrer noopener">Anlage 1 &#8211; Geltungsbereich B-Plan Nr. 207 &#8222;Feuerwehr Ergste&#8220;</a></p>



<p><a href="http://gruene-schwerte.de/wp-content/uploads/2024/05/24_05_29_APBW_6_Anlage_2_Geltungsbereich_FNP-Aenderung_Nr_24.pdf" data-type="attachment" data-id="8556" target="_blank" rel="noreferrer noopener">Anlage 2 &#8211; Geltungsbereich FNP-Änderung Nr. 24</a></p>



<p><a href="http://gruene-schwerte.de/wp-content/uploads/2024/05/24_05_29_APBW_6_Anlage_3_Uebersichtsplan_Entwurf.pdf" data-type="attachment" data-id="8557" target="_blank" rel="noreferrer noopener">Anlage 3 &#8211; Übersichtsplan (Entwurf)</a></p>



<p>TOP 7 &#8211; Aufhebung des Bebauungsplans Nr. 24 &#8222;Grünstraße&#8220;<br>Behandlung der Anregungen im Rahmen der Offenlage gem. § 3 Abs. 2 und § 4 Abs. 2 BauGB und Satzungsbeschluss zur Aufhebung gem. § 10 Abs. 1 BauGB (X/1025)</p>



<p><a href="http://gruene-schwerte.de/wp-content/uploads/2024/05/24_05_29_APBW_7_Vorlage.pdf" data-type="attachment" data-id="8553" target="_blank" rel="noreferrer noopener">Vorlage</a></p>



<p><a href="http://gruene-schwerte.de/wp-content/uploads/2024/05/24_05_29_APBW_7_Anlage_1_Bebauungsplan_Nr_24_Gruenstrasse.pdf" data-type="attachment" data-id="8550" target="_blank" rel="noreferrer noopener">Anlage 1 &#8211; Bebauungsplan Nr. 24 &#8222;Grünstraße&#8220;</a></p>



<p><a href="http://gruene-schwerte.de/wp-content/uploads/2024/05/24_05_29_APBW_7_Anlage_2_Begruendung_zur_Aufhebung_des_Bebauungsplans_Nr_24_Gruenstrasse.pdf" data-type="attachment" data-id="8551" target="_blank" rel="noreferrer noopener">Anlage 2 &#8211; Begründung zur Aufhebung des Bebauungsplans Nr. 24 &#8222;Grünstraße&#8220;</a></p>



<p><a href="http://gruene-schwerte.de/wp-content/uploads/2024/05/24_05_29_APBW_7_Anlage_3_Anregungen_zur_Aufhebung_des_Bebauungsplans_Nr_24_Gruenstrasse_gem_4_Abs_2_BauGB.pdf" data-type="attachment" data-id="8552" target="_blank" rel="noreferrer noopener">Anlage 3 &#8211; Anregungen zur Aufhebung des Bebauungsplans Nr. 24 &#8222;Grünstraße&#8220; gem. §4 Abs. 2 BauGB</a></p>



<p>TOP 8 &#8211; 1. Änderung Bebauungsplan Nr. 163 &#8222;Gewerbegebiet Nattland&#8220;<br>Behandlung der Anregungen im Rahmen der frühzeitigen Beteiligung gem. § 3 Abs. 1 und § 4 Abs. 1 BauGB sowie der Offenlegung des Bebauungsplans gem. § 3 Abs. 2 und § 4 Abs. 2 BauGB<br>Satzungsbeschluss gem. § 10 Abs. 1 BauGB (X/1026)</p>



<p><a href="http://gruene-schwerte.de/wp-content/uploads/2024/05/24_05_29_APBW_8_Vorlage.pdf" data-type="attachment" data-id="8561" target="_blank" rel="noreferrer noopener">Vorlage</a></p>



<p><a href="http://gruene-schwerte.de/wp-content/uploads/2024/05/24_05_29_APBW_8_A1_Aenderung_Bebauungsplan_Nr_163_Gewerbegebiet_Nattland.pdf" data-type="attachment" data-id="8572" target="_blank" rel="noreferrer noopener">Anlage 1 &#8211; Änderung Bebauungsplan Nr. 163 &#8222;Gewerbegebiet Nattland&#8220;</a></p>



<p><a href="http://gruene-schwerte.de/wp-content/uploads/2024/05/24_05_29_APBW_8_A2_Begruendung.pdf" data-type="attachment" data-id="8558" target="_blank" rel="noreferrer noopener">Anlage 2 &#8211; Begründung zur 1. Änderung des Bebauungsplans Nr.163 &#8222;Gewerbegebiet Nattland&#8220;</a></p>



<p><a href="http://gruene-schwerte.de/wp-content/uploads/2024/05/24_05_29_APBW_8_A3_Anregungen_4_Abs_1_BauGB.pdf" data-type="attachment" data-id="8559" target="_blank" rel="noreferrer noopener">Anlage 3 &#8211; Anregungen zur 1. Änderung des Bebauungsplans Nr.163 &#8222;Gewerbegebiet Nattland&#8220; gem. § 4 Abs. 1 BauGB</a></p>



<p><a href="http://gruene-schwerte.de/wp-content/uploads/2024/05/24_05_29_APBW_8_A4_Anregungen_4_Abs_2_BauGB.pdf" data-type="attachment" data-id="8560" target="_blank" rel="noreferrer noopener">Anlage 4 &#8211; Anregungen zur 1. Änderung des Bebauungsplans Nr.163 &#8222;Gewerbegebiet Nattland&#8220; gem. § 4 Abs. 2 BauGB</a></p>



<p>TOP 9 &#8211; Prüfauftrag Überplanung Hagener Straße/Mährstraße, Antrag der SPD-Fraktion (X/1032)</p>



<p><a href="http://gruene-schwerte.de/wp-content/uploads/2024/05/24_05_29_APBW_9_Vorblatt.pdf" data-type="attachment" data-id="8563" target="_blank" rel="noreferrer noopener">Vorblatt</a></p>



<p><a href="http://gruene-schwerte.de/wp-content/uploads/2024/05/24_05_29_APBW_9_Antrag.pdf" data-type="attachment" data-id="8562">Antrag</a></p>



<p>TOP 10 &#8211; Selbst gestalten: Prüfung des Erwerbs der Fläche am Cava-Platz, Antrag der Fraktion Die Grünen (X/1043)</p>



<p><a href="http://gruene-schwerte.de/wp-content/uploads/2024/05/24_05_29_APBW_10_Vorblatt.pdf" data-type="attachment" data-id="8565" target="_blank" rel="noreferrer noopener">Vorblatt</a></p>



<p><a href="http://gruene-schwerte.de/wp-content/uploads/2024/05/24_05_29_APBW_10_Antrag.pdf" data-type="attachment" data-id="8564" target="_blank" rel="noreferrer noopener">Antrag</a></p>



<p>TOP 11 &#8211; Bürgerantrag, hier: Abfallsammelstelle auf dem kleinen Markt (X/1028/1)</p>



<p><a href="http://gruene-schwerte.de/wp-content/uploads/2024/05/24_05_29_APBW_11_Vorlage.pdf" data-type="attachment" data-id="8569" target="_blank" rel="noreferrer noopener">Vorlage</a></p>



<p><a href="http://gruene-schwerte.de/wp-content/uploads/2024/05/24_05_29_APBW_11_A1_Beschlussfassung_ABB.pdf" data-type="attachment" data-id="8566" target="_blank" rel="noreferrer noopener">Anlage 1 &#8211; Beschlussfassung ABB</a></p>



<p><a href="http://gruene-schwerte.de/wp-content/uploads/2024/05/24_05_29_APBW_11_A2_Buergerantrag.pdf" data-type="attachment" data-id="8567" target="_blank" rel="noreferrer noopener">Anlage 2 &#8211; Bürgerantrag</a></p>



<p><a href="http://gruene-schwerte.de/wp-content/uploads/2024/05/24_05_29_APBW_11_A3_Stellungnahme.pdf" data-type="attachment" data-id="8568" target="_blank" rel="noreferrer noopener">Anlage 3 &#8211; Stellungnahme der Verwaltung</a></p>



<p>TOP 12 &#8211; Bericht gemäß § 5 Zuständigkeitsordnung mit Beschlussausführungskontrolle</p>



<p>TOP 13 &#8211; Informationen und Anfragen</p>



<p>TOP 13.1 &#8211; Anfrage: LED-Werbetafeln, Anfrage der Fraktion Die Grünen (X/1045)</p>



<p><a href="http://gruene-schwerte.de/wp-content/uploads/2024/05/24_05_29_APBW_13_Vorblatt.pdf" data-type="attachment" data-id="8571" target="_blank" rel="noreferrer noopener">Vorblatt</a></p>



<p><a href="http://gruene-schwerte.de/wp-content/uploads/2024/05/24_05_29_APBW_13_Anfrage.pdf" data-type="attachment" data-id="8570" target="_blank" rel="noreferrer noopener">Anfrage</a></p>



<p>TOP 13.2 (?) &#8211; Anfrage: Sachstand Flüssigkeitsaufnahme und -abgabe im öffentlichen Raum, Anfrage der Fraktion Die Grünen</p>



<p><a href="http://gruene-schwerte.de/wp-content/uploads/2024/05/24_05_29_APBW_Anfrage_Wasser.pdf" data-type="attachment" data-id="8602" target="_blank" rel="noreferrer noopener">Anfrage</a></p>



<p>Protokoll &#8211; liegt noch nicht vor.</p>



<p>Beschlussausführungskontrolle &#8211; Liegt noch nicht vor.</p>

<p>29.05.2024, 17 Uhr, Ratssaal, Rathausstraße 31, 58239 Schwerte Einladung Tagesordnung TOP 1 &#8211; Feststellung der form- und fristgerechten Einladung sowie Beschlussfähigkeit des Ausschusses TOP 2 &#8211; Genehmigung der Tagesordnung TOP [&hellip;]</p>
