{"id":8508,"date":"2024-05-20T11:54:37","date_gmt":"2024-05-20T09:54:37","guid":{"rendered":"http:\/\/gruene-schwerte.de\/?page_id=8508"},"modified":"2024-05-20T11:54:41","modified_gmt":"2024-05-20T09:54:41","slug":"24_05_28_aukm","status":"publish","type":"page","link":"https:\/\/gruene-schwerte.de\/index.php\/24_05_28_aukm\/","title":{"rendered":"TRISS &#8211; Ausschuss f\u00fcr Umwelt, Klima und Mobilit\u00e4t"},"content":{"rendered":"\n<p>28.05.2024, 17 Uhr, Ratssaal, Rathausstra\u00dfe 31, 58239 Schwerte<br><\/p>\n\n\n\n<p><a href=\"http:\/\/gruene-schwerte.de\/wp-content\/uploads\/2024\/05\/24_05_28_AUKM_Einladung.pdf\" data-type=\"attachment\" data-id=\"8532\" target=\"_blank\" rel=\"noreferrer noopener\">Einladung<\/a><\/p>\n\n\n\n<p><strong>Tagesordnung<\/strong><\/p>\n\n\n\n<p>TOP 1 &#8211; Feststellung der form- und fristgerechten Einladung sowie Beschlussf\u00e4higkeit des Ausschusses<\/p>\n\n\n\n<p>TOP 2 &#8211; Genehmigung der Tagesordnung<\/p>\n\n\n\n<p>TOP 3 &#8211; Einwohner*innenfragestunde<\/p>\n\n\n\n<p>TOP 4 &#8211; Verpflichtung von Ausschussmitgliedern<\/p>\n\n\n\n<p>TOP 5 &#8211; Feststellung von Befangenheit<\/p>\n\n\n\n<p>TOP 6 &#8211; Sachstandsbericht EEA-Prozess &#8211; M\u00fcndlicher Bericht Herr Tippk\u00f6tter<\/p>\n\n\n\n<p>TOP 7 &#8211; Nahverkehrsplan Kreis Unna &#8211; M\u00fcndlicher Bericht Herr Kl\u00f6pper<\/p>\n\n\n\n<p>TOP 7.1 &#8211; Mitsprache beim \u00d6PNV: Einbindung der Gremien der Stadt Schwerte im Rahmen des vom Kreis Unna aufzustellenden Nahverkehrsplans &#8211; Antrag der Fraktion Die Gr\u00fcnen (X\/1005\/1)<\/p>\n\n\n\n<p><a href=\"http:\/\/gruene-schwerte.de\/wp-content\/uploads\/2024\/05\/24_05_28_AUKM_7_1_Vorblatt.pdf\" data-type=\"attachment\" data-id=\"8534\" target=\"_blank\" rel=\"noreferrer noopener\">Vorblatt<\/a><\/p>\n\n\n\n<p><a href=\"http:\/\/gruene-schwerte.de\/wp-content\/uploads\/2024\/05\/24_05_28_AUKM_7_1_Antrag.pdf\" data-type=\"attachment\" data-id=\"8533\" target=\"_blank\" rel=\"noreferrer noopener\">Antrag<\/a><\/p>\n\n\n\n<p>TOP 8 &#8211; Mittelfristiges Stra\u00dfenbauprogramm der Stadt Schwerte 2024-2028 (X\/1015)<\/p>\n\n\n\n<p><a href=\"http:\/\/gruene-schwerte.de\/wp-content\/uploads\/2024\/05\/24_05_28_AUKM_8_Vorlage.pdf\" data-type=\"attachment\" data-id=\"8536\" target=\"_blank\" rel=\"noreferrer noopener\">Vorlage<\/a><\/p>\n\n\n\n<p><a href=\"http:\/\/gruene-schwerte.de\/wp-content\/uploads\/2024\/05\/24_05_28_AUKM_8_Anlage_1.pdf\" data-type=\"attachment\" data-id=\"8535\" target=\"_blank\" rel=\"noreferrer noopener\">Anlage 1<\/a><\/p>\n\n\n\n<p>TOP 9 &#8211; Wasserversorgungskonzept Schwerte 2024-2029 (X\/1034)<\/p>\n\n\n\n<p><a href=\"http:\/\/gruene-schwerte.de\/wp-content\/uploads\/2024\/05\/24_05_28_AUKM_9_Vorlage.pdf\" data-type=\"attachment\" data-id=\"8522\" target=\"_blank\" rel=\"noreferrer noopener\">Vorlage<\/a><\/p>\n\n\n\n<p><a href=\"http:\/\/gruene-schwerte.de\/wp-content\/uploads\/2024\/05\/24_05_28_AUKM_9_Wasserversorgungskonzept_Schwerte_2024.pdf\" data-type=\"attachment\" data-id=\"8523\">Wasserversorgungskonzept Schwerte 2024<\/a><\/p>\n\n\n\n<p>Anlagen<\/p>\n\n\n\n<p>TOP 10 &#8211; Fahrradstra\u00dfen\/-zonen in Schwerte; hier: Erstellung eines Konzeptes zur Umsetzung einer Fahrradzone um die Schulen Friedrich B\u00e4hrens Gymnasium, Albert-Schweitzer-Schule und Ruhrtal-Gymnasium (X\/1036)<\/p>\n\n\n\n<p><a href=\"http:\/\/gruene-schwerte.de\/wp-content\/uploads\/2024\/05\/24_05_28_AUKM_10_Vorlage.pdf\" data-type=\"attachment\" data-id=\"8529\" target=\"_blank\" rel=\"noreferrer noopener\">Vorlage<\/a><\/p>\n\n\n\n<p><a href=\"http:\/\/gruene-schwerte.de\/wp-content\/uploads\/2024\/05\/24_05_28_AUKM_10_Fahrradzone_FBG_RTG_ASS.pdf\" data-type=\"attachment\" data-id=\"8528\" target=\"_blank\" rel=\"noreferrer noopener\">Fahrradzone FBG, RTG, ASS<\/a><\/p>\n\n\n\n<p>TOP 10.1 &#8211; B\u00fcrgerantrag; hier: Durchf\u00fchrung eines Verkehrsversuchs zur Ausweisung einer Fahrradstra\u00dfe und Einrichtung von \u00dcberquerungshilfen (X\/1029\/1)<\/p>\n\n\n\n<p><a href=\"http:\/\/gruene-schwerte.de\/wp-content\/uploads\/2024\/05\/24_05_28_AUKM_10_1_Vorlage.pdf\" data-type=\"attachment\" data-id=\"8527\" target=\"_blank\" rel=\"noreferrer noopener\">Vorlage<\/a><\/p>\n\n\n\n<p><a href=\"http:\/\/gruene-schwerte.de\/wp-content\/uploads\/2024\/05\/24_05_28_AUKM_10_1_Anlage_1_Beschlussfassung_ABB.pdf\" data-type=\"attachment\" data-id=\"8524\" target=\"_blank\" rel=\"noreferrer noopener\">Anlage 1 &#8211; Beschlussfassung ABB<\/a><\/p>\n\n\n\n<p><a href=\"http:\/\/gruene-schwerte.de\/wp-content\/uploads\/2024\/05\/24_05_28_AUKM_10_1_Anlage_2_Buergerantrag.pdf\" data-type=\"attachment\" data-id=\"8525\" target=\"_blank\" rel=\"noreferrer noopener\">Anlage 2 &#8211; B\u00fcrgerantrag<\/a><\/p>\n\n\n\n<p><a href=\"http:\/\/gruene-schwerte.de\/wp-content\/uploads\/2024\/05\/24_05_28_AUKM_10_1_Anlage_3_Stellungnahme_der_Verwaltung.pdf\" data-type=\"attachment\" data-id=\"8526\" target=\"_blank\" rel=\"noreferrer noopener\">Anlage 3 &#8211; Stellungnahme der Verwaltung<\/a><\/p>\n\n\n\n<p>TOP 11 &#8211; Mehr Verkehrssicherheit f\u00fcr Sch\u00fcler*innen durch Schulstra\u00dfen, Antrag der Fraktion Die Gr\u00fcnen (X\/1039)<\/p>\n\n\n\n<p><a href=\"http:\/\/gruene-schwerte.de\/wp-content\/uploads\/2024\/05\/24_05_28_AUKM_11_Vorblatt.pdf\" data-type=\"attachment\" data-id=\"8531\" target=\"_blank\" rel=\"noreferrer noopener\">Vorblatt<\/a><\/p>\n\n\n\n<p><a href=\"http:\/\/gruene-schwerte.de\/wp-content\/uploads\/2024\/05\/24_05_28_AUKM_11_Antrag.pdf\" data-type=\"attachment\" data-id=\"8530\" target=\"_blank\" rel=\"noreferrer noopener\">Antrag<\/a><\/p>\n\n\n\n<p>TOP 12 &#8211; Bericht gem\u00e4\u00df \u00a7 5 Zust\u00e4ndigkeitsordnung mit Beschlussausf\u00fchrungskontrolle<\/p>\n\n\n\n<p>TOP 13 &#8211; Informationen und Anfragen<\/p>\n\n\n\n<p>Protokoll &#8211; liegt noch nicht vor.<\/p>\n\n\n\n<p>Beschlussausf\u00fchrungskontrolle &#8211; Liegt noch nicht vor.<\/p>\n","protected":false},"excerpt":{"rendered":"<p>28.05.2024, 17 Uhr, Ratssaal, Rathausstra\u00dfe 31, 58239 Schwerte Einladung Tagesordnung TOP 1 &#8211; Feststellung der form- und fristgerechten Einladung sowie Beschlussf\u00e4higkeit des Ausschusses TOP 2 &#8211; Genehmigung der Tagesordnung TOP [&hellip;]<\/p>\n","protected":false},"author":2,"featured_media":0,"parent":0,"menu_order":0,"comment_status":"closed","ping_status":"closed","template":"","meta":{"ngg_post_thumbnail":0,"footnotes":""},"class_list":["post-8508","page","type-page","status-publish","hentry"],"jetpack_sharing_enabled":true,"_links":{"self":[{"href":"https:\/\/gruene-schwerte.de\/index.php\/wp-json\/wp\/v2\/pages\/8508","targetHints":{"allow":["GET"]}}],"collection":[{"href":"https:\/\/gruene-schwerte.de\/index.php\/wp-json\/wp\/v2\/pages"}],"about":[{"href":"https:\/\/gruene-schwerte.de\/index.php\/wp-json\/wp\/v2\/types\/page"}],"author":[{"embeddable":true,"href":"https:\/\/gruene-schwerte.de\/index.php\/wp-json\/wp\/v2\/users\/2"}],"replies":[{"embeddable":true,"href":"https:\/\/gruene-schwerte.de\/index.php\/wp-json\/wp\/v2\/comments?post=8508"}],"version-history":[{"count":1,"href":"https:\/\/gruene-schwerte.de\/index.php\/wp-json\/wp\/v2\/pages\/8508\/revisions"}],"predecessor-version":[{"id":8543,"href":"https:\/\/gruene-schwerte.de\/index.php\/wp-json\/wp\/v2\/pages\/8508\/revisions\/8543"}],"wp:attachment":[{"href":"https:\/\/gruene-schwerte.de\/index.php\/wp-json\/wp\/v2\/media?parent=8508"}],"curies":[{"name":"wp","href":"https:\/\/api.w.org\/{rel}","templated":true}]}}

TRISS &#8211; Ausschuss für Umwelt, Klima und Mobilität

<p>28.05.2024, 17 Uhr, Ratssaal, Rathausstraße 31, 58239 Schwerte<br></p>



<p><a href="http://gruene-schwerte.de/wp-content/uploads/2024/05/24_05_28_AUKM_Einladung.pdf" data-type="attachment" data-id="8532" target="_blank" rel="noreferrer noopener">Einladung</a></p>



<p><strong>Tagesordnung</strong></p>



<p>TOP 1 &#8211; Feststellung der form- und fristgerechten Einladung sowie Beschlussfähigkeit des Ausschusses</p>



<p>TOP 2 &#8211; Genehmigung der Tagesordnung</p>



<p>TOP 3 &#8211; Einwohner*innenfragestunde</p>



<p>TOP 4 &#8211; Verpflichtung von Ausschussmitgliedern</p>



<p>TOP 5 &#8211; Feststellung von Befangenheit</p>



<p>TOP 6 &#8211; Sachstandsbericht EEA-Prozess &#8211; Mündlicher Bericht Herr Tippkötter</p>



<p>TOP 7 &#8211; Nahverkehrsplan Kreis Unna &#8211; Mündlicher Bericht Herr Klöpper</p>



<p>TOP 7.1 &#8211; Mitsprache beim ÖPNV: Einbindung der Gremien der Stadt Schwerte im Rahmen des vom Kreis Unna aufzustellenden Nahverkehrsplans &#8211; Antrag der Fraktion Die Grünen (X/1005/1)</p>



<p><a href="http://gruene-schwerte.de/wp-content/uploads/2024/05/24_05_28_AUKM_7_1_Vorblatt.pdf" data-type="attachment" data-id="8534" target="_blank" rel="noreferrer noopener">Vorblatt</a></p>



<p><a href="http://gruene-schwerte.de/wp-content/uploads/2024/05/24_05_28_AUKM_7_1_Antrag.pdf" data-type="attachment" data-id="8533" target="_blank" rel="noreferrer noopener">Antrag</a></p>



<p>TOP 8 &#8211; Mittelfristiges Straßenbauprogramm der Stadt Schwerte 2024-2028 (X/1015)</p>



<p><a href="http://gruene-schwerte.de/wp-content/uploads/2024/05/24_05_28_AUKM_8_Vorlage.pdf" data-type="attachment" data-id="8536" target="_blank" rel="noreferrer noopener">Vorlage</a></p>



<p><a href="http://gruene-schwerte.de/wp-content/uploads/2024/05/24_05_28_AUKM_8_Anlage_1.pdf" data-type="attachment" data-id="8535" target="_blank" rel="noreferrer noopener">Anlage 1</a></p>



<p>TOP 9 &#8211; Wasserversorgungskonzept Schwerte 2024-2029 (X/1034)</p>



<p><a href="http://gruene-schwerte.de/wp-content/uploads/2024/05/24_05_28_AUKM_9_Vorlage.pdf" data-type="attachment" data-id="8522" target="_blank" rel="noreferrer noopener">Vorlage</a></p>



<p><a href="http://gruene-schwerte.de/wp-content/uploads/2024/05/24_05_28_AUKM_9_Wasserversorgungskonzept_Schwerte_2024.pdf" data-type="attachment" data-id="8523">Wasserversorgungskonzept Schwerte 2024</a></p>



<p>Anlagen</p>



<p>TOP 10 &#8211; Fahrradstraßen/-zonen in Schwerte; hier: Erstellung eines Konzeptes zur Umsetzung einer Fahrradzone um die Schulen Friedrich Bährens Gymnasium, Albert-Schweitzer-Schule und Ruhrtal-Gymnasium (X/1036)</p>



<p><a href="http://gruene-schwerte.de/wp-content/uploads/2024/05/24_05_28_AUKM_10_Vorlage.pdf" data-type="attachment" data-id="8529" target="_blank" rel="noreferrer noopener">Vorlage</a></p>



<p><a href="http://gruene-schwerte.de/wp-content/uploads/2024/05/24_05_28_AUKM_10_Fahrradzone_FBG_RTG_ASS.pdf" data-type="attachment" data-id="8528" target="_blank" rel="noreferrer noopener">Fahrradzone FBG, RTG, ASS</a></p>



<p>TOP 10.1 &#8211; Bürgerantrag; hier: Durchführung eines Verkehrsversuchs zur Ausweisung einer Fahrradstraße und Einrichtung von Überquerungshilfen (X/1029/1)</p>



<p><a href="http://gruene-schwerte.de/wp-content/uploads/2024/05/24_05_28_AUKM_10_1_Vorlage.pdf" data-type="attachment" data-id="8527" target="_blank" rel="noreferrer noopener">Vorlage</a></p>



<p><a href="http://gruene-schwerte.de/wp-content/uploads/2024/05/24_05_28_AUKM_10_1_Anlage_1_Beschlussfassung_ABB.pdf" data-type="attachment" data-id="8524" target="_blank" rel="noreferrer noopener">Anlage 1 &#8211; Beschlussfassung ABB</a></p>



<p><a href="http://gruene-schwerte.de/wp-content/uploads/2024/05/24_05_28_AUKM_10_1_Anlage_2_Buergerantrag.pdf" data-type="attachment" data-id="8525" target="_blank" rel="noreferrer noopener">Anlage 2 &#8211; Bürgerantrag</a></p>



<p><a href="http://gruene-schwerte.de/wp-content/uploads/2024/05/24_05_28_AUKM_10_1_Anlage_3_Stellungnahme_der_Verwaltung.pdf" data-type="attachment" data-id="8526" target="_blank" rel="noreferrer noopener">Anlage 3 &#8211; Stellungnahme der Verwaltung</a></p>



<p>TOP 11 &#8211; Mehr Verkehrssicherheit für Schüler*innen durch Schulstraßen, Antrag der Fraktion Die Grünen (X/1039)</p>



<p><a href="http://gruene-schwerte.de/wp-content/uploads/2024/05/24_05_28_AUKM_11_Vorblatt.pdf" data-type="attachment" data-id="8531" target="_blank" rel="noreferrer noopener">Vorblatt</a></p>



<p><a href="http://gruene-schwerte.de/wp-content/uploads/2024/05/24_05_28_AUKM_11_Antrag.pdf" data-type="attachment" data-id="8530" target="_blank" rel="noreferrer noopener">Antrag</a></p>



<p>TOP 12 &#8211; Bericht gemäß § 5 Zuständigkeitsordnung mit Beschlussausführungskontrolle</p>



<p>TOP 13 &#8211; Informationen und Anfragen</p>



<p>Protokoll &#8211; liegt noch nicht vor.</p>



<p>Beschlussausführungskontrolle &#8211; Liegt noch nicht vor.</p>

<p>28.05.2024, 17 Uhr, Ratssaal, Rathausstraße 31, 58239 Schwerte Einladung Tagesordnung TOP 1 &#8211; Feststellung der form- und fristgerechten Einladung sowie Beschlussfähigkeit des Ausschusses TOP 2 &#8211; Genehmigung der Tagesordnung TOP [&hellip;]</p>
