{"id":8467,"date":"2024-05-13T11:50:47","date_gmt":"2024-05-13T09:50:47","guid":{"rendered":"http:\/\/gruene-schwerte.de\/?page_id=8467"},"modified":"2024-05-13T11:52:57","modified_gmt":"2024-05-13T09:52:57","slug":"24_05_23_soza","status":"publish","type":"page","link":"https:\/\/gruene-schwerte.de\/index.php\/24_05_23_soza\/","title":{"rendered":"TRISS &#8211; Sozialausschuss"},"content":{"rendered":"\n<p>24.05.2024, 17 Uhr, Ratssaal, Rathausstra\u00dfe 31, 58239 Schwerte<br><\/p>\n\n\n\n<p><a href=\"http:\/\/gruene-schwerte.de\/wp-content\/uploads\/2024\/05\/24_05_23_SozA_Einladung.pdf\" data-type=\"attachment\" data-id=\"8468\" target=\"_blank\" rel=\"noreferrer noopener\">Einladung<\/a><\/p>\n\n\n\n<p><strong>Tagesordnung<\/strong><\/p>\n\n\n\n<p>TOP 1 &#8211; Feststellung der form- und fristgerechten Einladung sowie Beschlussf\u00e4higkeit des Ausschusses<\/p>\n\n\n\n<p>TOP 2 &#8211; Genehmigung der Tagesordnung<\/p>\n\n\n\n<p>TOP 3 &#8211; Verpflichtung von Ausschussmitgliedern<\/p>\n\n\n\n<p>TOP 4 &#8211; Einwohner*innenfragestunde<\/p>\n\n\n\n<p>TOP 5 &#8211; Feststellung von Befangenheit<\/p>\n\n\n\n<p>TOP 6 &#8211; Sozialer Wohnungsbau in Schwerte, m\u00fcndlicher Bericht Lars Podchull, Vorstandsmitglied und<br>Gesch\u00e4ftsf\u00fchrer der GWG<\/p>\n\n\n\n<p>TOP 7 &#8211; Sachstandsbericht Senior*innen (X\/1023)<\/p>\n\n\n\n<p><a href=\"http:\/\/gruene-schwerte.de\/wp-content\/uploads\/2024\/05\/24_05_23_X_1023_Seniorinnen.pdf\" data-type=\"attachment\" data-id=\"8470\" target=\"_blank\" rel=\"noreferrer noopener\">Vorlage<\/a><\/p>\n\n\n\n<p>TOP 8 &#8211; Sachstandsbericht Inklusion (X\/1022)<\/p>\n\n\n\n<p><a href=\"http:\/\/gruene-schwerte.de\/wp-content\/uploads\/2024\/05\/24_05_23_X_1022_Inklusion.pdf\" data-type=\"attachment\" data-id=\"8469\" target=\"_blank\" rel=\"noreferrer noopener\">Vorlage<\/a><\/p>\n\n\n\n<p>TOP 9 &#8211; Bericht gem\u00e4\u00df \u00a7 5 Zust\u00e4ndigkeitsordnung mit Beschlussausf\u00fchrungskontrolle<\/p>\n\n\n\n<p>TOP 10 &#8211; Informationen und Anfragen<\/p>\n\n\n\n<p>Protokoll &#8211; liegt noch nicht vor.<\/p>\n\n\n\n<p>Beschlussausf\u00fchrungskontrolle &#8211; Liegt noch nicht vor.<\/p>\n","protected":false},"excerpt":{"rendered":"<p>24.05.2024, 17 Uhr, Ratssaal, Rathausstra\u00dfe 31, 58239 Schwerte Einladung Tagesordnung TOP 1 &#8211; Feststellung der form- und fristgerechten Einladung sowie Beschlussf\u00e4higkeit des Ausschusses TOP 2 &#8211; Genehmigung der Tagesordnung TOP [&hellip;]<\/p>\n","protected":false},"author":2,"featured_media":0,"parent":0,"menu_order":0,"comment_status":"closed","ping_status":"closed","template":"","meta":{"ngg_post_thumbnail":0,"footnotes":""},"class_list":["post-8467","page","type-page","status-publish","hentry"],"jetpack_sharing_enabled":true,"_links":{"self":[{"href":"https:\/\/gruene-schwerte.de\/index.php\/wp-json\/wp\/v2\/pages\/8467","targetHints":{"allow":["GET"]}}],"collection":[{"href":"https:\/\/gruene-schwerte.de\/index.php\/wp-json\/wp\/v2\/pages"}],"about":[{"href":"https:\/\/gruene-schwerte.de\/index.php\/wp-json\/wp\/v2\/types\/page"}],"author":[{"embeddable":true,"href":"https:\/\/gruene-schwerte.de\/index.php\/wp-json\/wp\/v2\/users\/2"}],"replies":[{"embeddable":true,"href":"https:\/\/gruene-schwerte.de\/index.php\/wp-json\/wp\/v2\/comments?post=8467"}],"version-history":[{"count":2,"href":"https:\/\/gruene-schwerte.de\/index.php\/wp-json\/wp\/v2\/pages\/8467\/revisions"}],"predecessor-version":[{"id":8476,"href":"https:\/\/gruene-schwerte.de\/index.php\/wp-json\/wp\/v2\/pages\/8467\/revisions\/8476"}],"wp:attachment":[{"href":"https:\/\/gruene-schwerte.de\/index.php\/wp-json\/wp\/v2\/media?parent=8467"}],"curies":[{"name":"wp","href":"https:\/\/api.w.org\/{rel}","templated":true}]}}

<p>24.05.2024, 17 Uhr, Ratssaal, Rathausstraße 31, 58239 Schwerte<br></p>



<p><a href="http://gruene-schwerte.de/wp-content/uploads/2024/05/24_05_23_SozA_Einladung.pdf" data-type="attachment" data-id="8468" target="_blank" rel="noreferrer noopener">Einladung</a></p>



<p><strong>Tagesordnung</strong></p>



<p>TOP 1 &#8211; Feststellung der form- und fristgerechten Einladung sowie Beschlussfähigkeit des Ausschusses</p>



<p>TOP 2 &#8211; Genehmigung der Tagesordnung</p>



<p>TOP 3 &#8211; Verpflichtung von Ausschussmitgliedern</p>



<p>TOP 4 &#8211; Einwohner*innenfragestunde</p>



<p>TOP 5 &#8211; Feststellung von Befangenheit</p>



<p>TOP 6 &#8211; Sozialer Wohnungsbau in Schwerte, mündlicher Bericht Lars Podchull, Vorstandsmitglied und<br>Geschäftsführer der GWG</p>



<p>TOP 7 &#8211; Sachstandsbericht Senior*innen (X/1023)</p>



<p><a href="http://gruene-schwerte.de/wp-content/uploads/2024/05/24_05_23_X_1023_Seniorinnen.pdf" data-type="attachment" data-id="8470" target="_blank" rel="noreferrer noopener">Vorlage</a></p>



<p>TOP 8 &#8211; Sachstandsbericht Inklusion (X/1022)</p>



<p><a href="http://gruene-schwerte.de/wp-content/uploads/2024/05/24_05_23_X_1022_Inklusion.pdf" data-type="attachment" data-id="8469" target="_blank" rel="noreferrer noopener">Vorlage</a></p>



<p>TOP 9 &#8211; Bericht gemäß § 5 Zuständigkeitsordnung mit Beschlussausführungskontrolle</p>



<p>TOP 10 &#8211; Informationen und Anfragen</p>



<p>Protokoll &#8211; liegt noch nicht vor.</p>



<p>Beschlussausführungskontrolle &#8211; Liegt noch nicht vor.</p>

<p>24.05.2024, 17 Uhr, Ratssaal, Rathausstraße 31, 58239 Schwerte Einladung Tagesordnung TOP 1 &#8211; Feststellung der form- und fristgerechten Einladung sowie Beschlussfähigkeit des Ausschusses TOP 2 &#8211; Genehmigung der Tagesordnung TOP [&hellip;]</p>
