{"id":8433,"date":"2024-05-09T13:39:35","date_gmt":"2024-05-09T11:39:35","guid":{"rendered":"http:\/\/gruene-schwerte.de\/?page_id=8433"},"modified":"2024-05-23T11:17:49","modified_gmt":"2024-05-23T09:17:49","slug":"24_05_22_schula","status":"publish","type":"page","link":"https:\/\/gruene-schwerte.de\/index.php\/24_05_22_schula\/","title":{"rendered":"TRISS &#8211; Schulausschuss"},"content":{"rendered":"\n<p>22.05.2024, 17 Uhr, Ratssaal, Rathausstra\u00dfe 31, 58239 Schwerte<br><\/p>\n\n\n\n<p><a href=\"http:\/\/gruene-schwerte.de\/wp-content\/uploads\/2024\/05\/24_05_22_SchulA_Einladung.pdf\" data-type=\"attachment\" data-id=\"8434\" target=\"_blank\" rel=\"noreferrer noopener\">Einladung<\/a><\/p>\n\n\n\n<p><a href=\"http:\/\/gruene-schwerte.de\/wp-content\/uploads\/2024\/05\/24_05_22_SchulA_Nachtrag.pdf\" data-type=\"attachment\" data-id=\"8495\" target=\"_blank\" rel=\"noreferrer noopener\">Nachtrag<\/a><\/p>\n\n\n\n<p><strong>Tagesordnung<\/strong><\/p>\n\n\n\n<p>TOP 1 &#8211; Feststellung der form- und fristgerechten Einladung sowie Beschlussf\u00e4higkeit des Ausschusses<\/p>\n\n\n\n<p>TOP 2 &#8211; Genehmigung der Tagesordnung<\/p>\n\n\n\n<p>TOP 3 &#8211; Einwohner*innenfragestunde<\/p>\n\n\n\n<p>TOP 4 &#8211; Verpflichtung von Ausschussmitgliedern<\/p>\n\n\n\n<p>TOP 5 &#8211; Feststellung von Befangenheit<\/p>\n\n\n\n<p>TOP 6 &#8211; Informationen \u00fcber den Stand der Hochbauma\u00dfnahmen mit besonderer Bedeutung, sofern sie Schule betreffen<\/p>\n\n\n\n<p>TOP 7 &#8211; Beratung der Stellungnahmen Schwerter Schulleitungen zum Schulentwicklungsplan 2023\/2024 -2028\/2029 (X\/1016)<\/p>\n\n\n\n<p><a href=\"http:\/\/gruene-schwerte.de\/wp-content\/uploads\/2024\/05\/24_05_22_SchulA_X_1016_Vorlage.pdf\" data-type=\"attachment\" data-id=\"8441\" target=\"_blank\" rel=\"noreferrer noopener\">Vorlage<\/a><\/p>\n\n\n\n<p><a href=\"http:\/\/gruene-schwerte.de\/wp-content\/uploads\/2024\/05\/24_05_22_SchulA_X_1016_Anlage_1.pdf\" data-type=\"attachment\" data-id=\"8435\" target=\"_blank\" rel=\"noreferrer noopener\">Anlage 1 &#8211; Grundschulen<\/a><\/p>\n\n\n\n<p><a href=\"http:\/\/gruene-schwerte.de\/wp-content\/uploads\/2024\/05\/24_05_22_SchulA_X_1016_Anlage_2.pdf\" data-type=\"attachment\" data-id=\"8436\" target=\"_blank\" rel=\"noreferrer noopener\">Anlage 2 &#8211; Weiterf. Schulen<\/a><\/p>\n\n\n\n<p><a href=\"http:\/\/gruene-schwerte.de\/wp-content\/uploads\/2024\/05\/24_05_22_SchulA_X_1016_Anlage_3.pdf\" data-type=\"attachment\" data-id=\"8437\" target=\"_blank\" rel=\"noreferrer noopener\">Anlage 3 &#8211; Stellungnahme der Schulverwaltung zum SEP<\/a><\/p>\n\n\n\n<p><a href=\"http:\/\/gruene-schwerte.de\/wp-content\/uploads\/2024\/05\/24_05_22_SchulA_X_1016_Anlage_4.pdf\" data-type=\"attachment\" data-id=\"8438\" target=\"_blank\" rel=\"noreferrer noopener\">Anlage 4 &#8211; Stellungnahme der Schulverwaltung zur Raumanalyse<\/a><\/p>\n\n\n\n<p><a href=\"http:\/\/gruene-schwerte.de\/wp-content\/uploads\/2024\/05\/24_05_22_SchulA_X_1016_Anlage_5.pdf\" data-type=\"attachment\" data-id=\"8439\" target=\"_blank\" rel=\"noreferrer noopener\">Anlage 5 &#8211; Stellungnahme Gutachterin Frau Lexis<\/a><\/p>\n\n\n\n<p><a href=\"http:\/\/gruene-schwerte.de\/wp-content\/uploads\/2024\/05\/24_05_22_SchulA_X_1016_Anlage_6.pdf\" data-type=\"attachment\" data-id=\"8440\" target=\"_blank\" rel=\"noreferrer noopener\">Anlage 6 &#8211; Korrigierte Raumanalyse<\/a><br><br>TOP 7.1 &#8211; Handlungskonzept Schwerter Schulen, Antrag der SPD-Fraktion (X\/1046)<\/p>\n\n\n\n<p><a href=\"http:\/\/gruene-schwerte.de\/wp-content\/uploads\/2024\/05\/24_05_22_SchulA_X_1046_Vorblatt.pdf\" data-type=\"attachment\" data-id=\"8493\" target=\"_blank\" rel=\"noreferrer noopener\">Vorblatt<\/a><\/p>\n\n\n\n<p><a href=\"http:\/\/gruene-schwerte.de\/wp-content\/uploads\/2024\/05\/24_05_22_SchulA_X_1046_Antrag.pdf\" data-type=\"attachment\" data-id=\"8494\" target=\"_blank\" rel=\"noreferrer noopener\">Antrag<\/a><\/p>\n\n\n\n<p>TOP 7.2 &#8211; Ermittlung der Bedarfe an Schulsportstunden, Antrag der Fraktion Die Gr\u00fcnen<\/p>\n\n\n\n<p><a href=\"http:\/\/gruene-schwerte.de\/wp-content\/uploads\/2024\/05\/Antrag_SchulA_Hallenbedarfe_20240516.pdf\" data-type=\"attachment\" data-id=\"8582\" target=\"_blank\" rel=\"noreferrer noopener\">Antrag<\/a><\/p>\n\n\n\n<p>TOP 8 &#8211; Erste-Hilfe-Kurse f\u00fcr Sch\u00fcler*innen, Antrag der Fraktion Die Gr\u00fcnen (X\/1019)<\/p>\n\n\n\n<p><a href=\"http:\/\/gruene-schwerte.de\/wp-content\/uploads\/2024\/05\/24_05_22_SchulA_X_1019_Vorblatt.pdf\" data-type=\"attachment\" data-id=\"8443\" target=\"_blank\" rel=\"noreferrer noopener\">Vorblatt<\/a><\/p>\n\n\n\n<p><a href=\"http:\/\/gruene-schwerte.de\/wp-content\/uploads\/2024\/05\/24_05_22_SchulA_X_1019_Antrag.pdf\" data-type=\"attachment\" data-id=\"8442\" target=\"_blank\" rel=\"noreferrer noopener\">Antrag<\/a><\/p>\n\n\n\n<p>TOP 9 &#8211; Rederecht Schulausschuss, Gemeinsamer Antrag der Fraktion Die Gr\u00fcnen und der FDP-Fraktion (X\/1038)<\/p>\n\n\n\n<p><a href=\"http:\/\/gruene-schwerte.de\/wp-content\/uploads\/2024\/05\/24_05_22_SchulA_X_1038_Antrag.pdf\" data-type=\"attachment\" data-id=\"8444\" target=\"_blank\" rel=\"noreferrer noopener\">Vorblatt<\/a><\/p>\n\n\n\n<p><a href=\"http:\/\/gruene-schwerte.de\/wp-content\/uploads\/2024\/05\/24_05_22_SchulA_X_1038_Antrag.pdf\" data-type=\"attachment\" data-id=\"8444\" target=\"_blank\" rel=\"noreferrer noopener\">Antrag<\/a><\/p>\n\n\n\n<p>TOP 10 &#8211; Mehr Verkehrssicherheit f\u00fcr Sch\u00fcler*innen durch Schulstra\u00dfen, Antrag der Fraktion Die Gr\u00fcnen (X\/1039)<\/p>\n\n\n\n<p><a href=\"http:\/\/gruene-schwerte.de\/wp-content\/uploads\/2024\/05\/24_05_22_SchulA_X_1039_Vorblatt.pdf\" data-type=\"attachment\" data-id=\"8447\" target=\"_blank\" rel=\"noreferrer noopener\">Vorblatt<\/a><\/p>\n\n\n\n<p><a href=\"http:\/\/gruene-schwerte.de\/wp-content\/uploads\/2024\/05\/24_05_22_SchulA_X_1039_Antrag.pdf\" data-type=\"attachment\" data-id=\"8446\" target=\"_blank\" rel=\"noreferrer noopener\">Antrag<\/a><\/p>\n\n\n\n<p>TOP 11 &#8211; Bericht gem\u00e4\u00df \u00a7 5 Zust\u00e4ndigkeitsordnung mit Beschlussausf\u00fchrungskontrolle<\/p>\n\n\n\n<p>TOP 12 &#8211; Informationen und Anfragen<\/p>\n\n\n\n<p>Protokoll &#8211; liegt noch nicht vor.<\/p>\n\n\n\n<p>Beschlussausf\u00fchrungskontrolle &#8211; Liegt noch nicht vor.<\/p>\n","protected":false},"excerpt":{"rendered":"<p>22.05.2024, 17 Uhr, Ratssaal, Rathausstra\u00dfe 31, 58239 Schwerte Einladung Nachtrag Tagesordnung TOP 1 &#8211; Feststellung der form- und fristgerechten Einladung sowie Beschlussf\u00e4higkeit des Ausschusses TOP 2 &#8211; Genehmigung der Tagesordnung [&hellip;]<\/p>\n","protected":false},"author":2,"featured_media":0,"parent":0,"menu_order":0,"comment_status":"closed","ping_status":"closed","template":"","meta":{"ngg_post_thumbnail":0,"footnotes":""},"class_list":["post-8433","page","type-page","status-publish","hentry"],"jetpack_sharing_enabled":true,"_links":{"self":[{"href":"https:\/\/gruene-schwerte.de\/index.php\/wp-json\/wp\/v2\/pages\/8433","targetHints":{"allow":["GET"]}}],"collection":[{"href":"https:\/\/gruene-schwerte.de\/index.php\/wp-json\/wp\/v2\/pages"}],"about":[{"href":"https:\/\/gruene-schwerte.de\/index.php\/wp-json\/wp\/v2\/types\/page"}],"author":[{"embeddable":true,"href":"https:\/\/gruene-schwerte.de\/index.php\/wp-json\/wp\/v2\/users\/2"}],"replies":[{"embeddable":true,"href":"https:\/\/gruene-schwerte.de\/index.php\/wp-json\/wp\/v2\/comments?post=8433"}],"version-history":[{"count":3,"href":"https:\/\/gruene-schwerte.de\/index.php\/wp-json\/wp\/v2\/pages\/8433\/revisions"}],"predecessor-version":[{"id":8583,"href":"https:\/\/gruene-schwerte.de\/index.php\/wp-json\/wp\/v2\/pages\/8433\/revisions\/8583"}],"wp:attachment":[{"href":"https:\/\/gruene-schwerte.de\/index.php\/wp-json\/wp\/v2\/media?parent=8433"}],"curies":[{"name":"wp","href":"https:\/\/api.w.org\/{rel}","templated":true}]}}

<p>22.05.2024, 17 Uhr, Ratssaal, Rathausstraße 31, 58239 Schwerte<br></p>



<p><a href="http://gruene-schwerte.de/wp-content/uploads/2024/05/24_05_22_SchulA_Einladung.pdf" data-type="attachment" data-id="8434" target="_blank" rel="noreferrer noopener">Einladung</a></p>



<p><a href="http://gruene-schwerte.de/wp-content/uploads/2024/05/24_05_22_SchulA_Nachtrag.pdf" data-type="attachment" data-id="8495" target="_blank" rel="noreferrer noopener">Nachtrag</a></p>



<p><strong>Tagesordnung</strong></p>



<p>TOP 1 &#8211; Feststellung der form- und fristgerechten Einladung sowie Beschlussfähigkeit des Ausschusses</p>



<p>TOP 2 &#8211; Genehmigung der Tagesordnung</p>



<p>TOP 3 &#8211; Einwohner*innenfragestunde</p>



<p>TOP 4 &#8211; Verpflichtung von Ausschussmitgliedern</p>



<p>TOP 5 &#8211; Feststellung von Befangenheit</p>



<p>TOP 6 &#8211; Informationen über den Stand der Hochbaumaßnahmen mit besonderer Bedeutung, sofern sie Schule betreffen</p>



<p>TOP 7 &#8211; Beratung der Stellungnahmen Schwerter Schulleitungen zum Schulentwicklungsplan 2023/2024 -2028/2029 (X/1016)</p>



<p><a href="http://gruene-schwerte.de/wp-content/uploads/2024/05/24_05_22_SchulA_X_1016_Vorlage.pdf" data-type="attachment" data-id="8441" target="_blank" rel="noreferrer noopener">Vorlage</a></p>



<p><a href="http://gruene-schwerte.de/wp-content/uploads/2024/05/24_05_22_SchulA_X_1016_Anlage_1.pdf" data-type="attachment" data-id="8435" target="_blank" rel="noreferrer noopener">Anlage 1 &#8211; Grundschulen</a></p>



<p><a href="http://gruene-schwerte.de/wp-content/uploads/2024/05/24_05_22_SchulA_X_1016_Anlage_2.pdf" data-type="attachment" data-id="8436" target="_blank" rel="noreferrer noopener">Anlage 2 &#8211; Weiterf. Schulen</a></p>



<p><a href="http://gruene-schwerte.de/wp-content/uploads/2024/05/24_05_22_SchulA_X_1016_Anlage_3.pdf" data-type="attachment" data-id="8437" target="_blank" rel="noreferrer noopener">Anlage 3 &#8211; Stellungnahme der Schulverwaltung zum SEP</a></p>



<p><a href="http://gruene-schwerte.de/wp-content/uploads/2024/05/24_05_22_SchulA_X_1016_Anlage_4.pdf" data-type="attachment" data-id="8438" target="_blank" rel="noreferrer noopener">Anlage 4 &#8211; Stellungnahme der Schulverwaltung zur Raumanalyse</a></p>



<p><a href="http://gruene-schwerte.de/wp-content/uploads/2024/05/24_05_22_SchulA_X_1016_Anlage_5.pdf" data-type="attachment" data-id="8439" target="_blank" rel="noreferrer noopener">Anlage 5 &#8211; Stellungnahme Gutachterin Frau Lexis</a></p>



<p><a href="http://gruene-schwerte.de/wp-content/uploads/2024/05/24_05_22_SchulA_X_1016_Anlage_6.pdf" data-type="attachment" data-id="8440" target="_blank" rel="noreferrer noopener">Anlage 6 &#8211; Korrigierte Raumanalyse</a><br><br>TOP 7.1 &#8211; Handlungskonzept Schwerter Schulen, Antrag der SPD-Fraktion (X/1046)</p>



<p><a href="http://gruene-schwerte.de/wp-content/uploads/2024/05/24_05_22_SchulA_X_1046_Vorblatt.pdf" data-type="attachment" data-id="8493" target="_blank" rel="noreferrer noopener">Vorblatt</a></p>



<p><a href="http://gruene-schwerte.de/wp-content/uploads/2024/05/24_05_22_SchulA_X_1046_Antrag.pdf" data-type="attachment" data-id="8494" target="_blank" rel="noreferrer noopener">Antrag</a></p>



<p>TOP 7.2 &#8211; Ermittlung der Bedarfe an Schulsportstunden, Antrag der Fraktion Die Grünen</p>



<p><a href="http://gruene-schwerte.de/wp-content/uploads/2024/05/Antrag_SchulA_Hallenbedarfe_20240516.pdf" data-type="attachment" data-id="8582" target="_blank" rel="noreferrer noopener">Antrag</a></p>



<p>TOP 8 &#8211; Erste-Hilfe-Kurse für Schüler*innen, Antrag der Fraktion Die Grünen (X/1019)</p>



<p><a href="http://gruene-schwerte.de/wp-content/uploads/2024/05/24_05_22_SchulA_X_1019_Vorblatt.pdf" data-type="attachment" data-id="8443" target="_blank" rel="noreferrer noopener">Vorblatt</a></p>



<p><a href="http://gruene-schwerte.de/wp-content/uploads/2024/05/24_05_22_SchulA_X_1019_Antrag.pdf" data-type="attachment" data-id="8442" target="_blank" rel="noreferrer noopener">Antrag</a></p>



<p>TOP 9 &#8211; Rederecht Schulausschuss, Gemeinsamer Antrag der Fraktion Die Grünen und der FDP-Fraktion (X/1038)</p>



<p><a href="http://gruene-schwerte.de/wp-content/uploads/2024/05/24_05_22_SchulA_X_1038_Antrag.pdf" data-type="attachment" data-id="8444" target="_blank" rel="noreferrer noopener">Vorblatt</a></p>



<p><a href="http://gruene-schwerte.de/wp-content/uploads/2024/05/24_05_22_SchulA_X_1038_Antrag.pdf" data-type="attachment" data-id="8444" target="_blank" rel="noreferrer noopener">Antrag</a></p>



<p>TOP 10 &#8211; Mehr Verkehrssicherheit für Schüler*innen durch Schulstraßen, Antrag der Fraktion Die Grünen (X/1039)</p>



<p><a href="http://gruene-schwerte.de/wp-content/uploads/2024/05/24_05_22_SchulA_X_1039_Vorblatt.pdf" data-type="attachment" data-id="8447" target="_blank" rel="noreferrer noopener">Vorblatt</a></p>



<p><a href="http://gruene-schwerte.de/wp-content/uploads/2024/05/24_05_22_SchulA_X_1039_Antrag.pdf" data-type="attachment" data-id="8446" target="_blank" rel="noreferrer noopener">Antrag</a></p>



<p>TOP 11 &#8211; Bericht gemäß § 5 Zuständigkeitsordnung mit Beschlussausführungskontrolle</p>



<p>TOP 12 &#8211; Informationen und Anfragen</p>



<p>Protokoll &#8211; liegt noch nicht vor.</p>



<p>Beschlussausführungskontrolle &#8211; Liegt noch nicht vor.</p>

<p>22.05.2024, 17 Uhr, Ratssaal, Rathausstraße 31, 58239 Schwerte Einladung Nachtrag Tagesordnung TOP 1 &#8211; Feststellung der form- und fristgerechten Einladung sowie Beschlussfähigkeit des Ausschusses TOP 2 &#8211; Genehmigung der Tagesordnung [&hellip;]</p>
