{"id":8423,"date":"2024-05-09T12:35:40","date_gmt":"2024-05-09T10:35:40","guid":{"rendered":"http:\/\/gruene-schwerte.de\/?page_id=8423"},"modified":"2024-05-15T10:29:33","modified_gmt":"2024-05-15T08:29:33","slug":"24_05_16_jha","status":"publish","type":"page","link":"https:\/\/gruene-schwerte.de\/index.php\/24_05_16_jha\/","title":{"rendered":"TRISS &#8211; Jugendhilfeausschuss"},"content":{"rendered":"\n<p>16.05.2024, 17 Uhr, Ratssaal, Rathausstra\u00dfe 31, 58239 Schwerte<br><\/p>\n\n\n\n<p><a href=\"http:\/\/gruene-schwerte.de\/wp-content\/uploads\/2024\/05\/24_05_16_JHA_Einladung.pdf\" data-type=\"attachment\" data-id=\"8422\" target=\"_blank\" rel=\"noreferrer noopener\">Einladung<\/a><\/p>\n\n\n\n<p><a href=\"http:\/\/gruene-schwerte.de\/wp-content\/uploads\/2024\/05\/24_05_16_JHA_Nachtrag.pdf\" data-type=\"attachment\" data-id=\"8483\" target=\"_blank\" rel=\"noreferrer noopener\">Nachtrag<\/a><\/p>\n\n\n\n<p><strong>Tagesordnung<\/strong><\/p>\n\n\n\n<p>TOP 1 &#8211; Feststellung der form- und fristgerechten Einladung sowie Beschlussf\u00e4higkeit des Ausschusses<\/p>\n\n\n\n<p>TOP 2 &#8211; Genehmigung der Tagesordnung<\/p>\n\n\n\n<p>TOP 3 &#8211; Verpflichtung von Ausschussmitgliedern<\/p>\n\n\n\n<p>TOP 4 &#8211; Einwohner*innenfragestunde<\/p>\n\n\n\n<p>TOP 5 &#8211; Feststellung von Befangenheit<\/p>\n\n\n\n<p>TOP 6 &#8211; Bericht aus dem Kinder- und Jugendparlament<\/p>\n\n\n\n<p>TOP 7 &#8211; Aufgaben nach dem Landeskinderschutzgesetz &#8211; das neue Team<br>&#8222;Pr\u00e4vention und Kinderschutz&#8220;. Bericht: Daniel Gr\u00e4ve, Lejla Perhatovic und Stefan J\u00e4ger<\/p>\n\n\n\n<p><a href=\"http:\/\/gruene-schwerte.de\/wp-content\/uploads\/2024\/05\/24_05_16_JHA_X_1030_Anfrage_Erreichbarkeit.pdf\" data-type=\"attachment\" data-id=\"8420\" target=\"_blank\" rel=\"noreferrer noopener\">TOP 7.1 &#8211; Erreichbarkeit des Jugendamtes &#8211; Anfrage der Fraktion Die Gr\u00fcnen (X\/1030)<\/a><\/p>\n\n\n\n<p><a href=\"http:\/\/gruene-schwerte.de\/wp-content\/uploads\/2024\/05\/24_05_16_JHA_X_1040_Netzwerk-Kinderschutz.pdf\" data-type=\"attachment\" data-id=\"8484\" target=\"_blank\" rel=\"noreferrer noopener\">zu TOP 7 &#8211; Integration des Ehrenamtes in das Netzwerk Kinderschutz &#8211; Antrag der SPD-Fraktion (X\/1040)<\/a><\/p>\n\n\n\n<p>TOP 8 &#8211; Ferienspa\u00df &#8211; R\u00fcckblick 2023 und Ausblick 2024. Bericht: Christian Mogk<\/p>\n\n\n\n<p><a href=\"http:\/\/gruene-schwerte.de\/wp-content\/uploads\/2024\/05\/24_05_16_JHA_X_1031_Anfrage_InklusiveAngebote.pdf\" data-type=\"attachment\" data-id=\"8421\" target=\"_blank\" rel=\"noreferrer noopener\">TOP 8.1 &#8211; Inklusive Angebote &#8211; Anfrage der Fraktion Die Gr\u00fcnen (X\/1031)<\/a><\/p>\n\n\n\n<p>TOP 9 &#8211; Bericht gem\u00e4\u00df \u00a7 5 Zust\u00e4ndigkeitsordnung mit Beschlussausf\u00fchrungskontrolle<\/p>\n\n\n\n<p>TOP 10 &#8211; Informationen und Anfragen<\/p>\n\n\n\n<p>Protokoll &#8211; liegt noch nicht vor.<\/p>\n\n\n\n<p>Beschlussausf\u00fchrungskontrolle &#8211; Liegt noch nicht vor.<\/p>\n","protected":false},"excerpt":{"rendered":"<p>16.05.2024, 17 Uhr, Ratssaal, Rathausstra\u00dfe 31, 58239 Schwerte Einladung Nachtrag Tagesordnung TOP 1 &#8211; Feststellung der form- und fristgerechten Einladung sowie Beschlussf\u00e4higkeit des Ausschusses TOP 2 &#8211; Genehmigung der Tagesordnung [&hellip;]<\/p>\n","protected":false},"author":2,"featured_media":0,"parent":0,"menu_order":0,"comment_status":"closed","ping_status":"closed","template":"","meta":{"ngg_post_thumbnail":0,"footnotes":""},"class_list":["post-8423","page","type-page","status-publish","hentry"],"jetpack_sharing_enabled":true,"_links":{"self":[{"href":"https:\/\/gruene-schwerte.de\/index.php\/wp-json\/wp\/v2\/pages\/8423","targetHints":{"allow":["GET"]}}],"collection":[{"href":"https:\/\/gruene-schwerte.de\/index.php\/wp-json\/wp\/v2\/pages"}],"about":[{"href":"https:\/\/gruene-schwerte.de\/index.php\/wp-json\/wp\/v2\/types\/page"}],"author":[{"embeddable":true,"href":"https:\/\/gruene-schwerte.de\/index.php\/wp-json\/wp\/v2\/users\/2"}],"replies":[{"embeddable":true,"href":"https:\/\/gruene-schwerte.de\/index.php\/wp-json\/wp\/v2\/comments?post=8423"}],"version-history":[{"count":2,"href":"https:\/\/gruene-schwerte.de\/index.php\/wp-json\/wp\/v2\/pages\/8423\/revisions"}],"predecessor-version":[{"id":8485,"href":"https:\/\/gruene-schwerte.de\/index.php\/wp-json\/wp\/v2\/pages\/8423\/revisions\/8485"}],"wp:attachment":[{"href":"https:\/\/gruene-schwerte.de\/index.php\/wp-json\/wp\/v2\/media?parent=8423"}],"curies":[{"name":"wp","href":"https:\/\/api.w.org\/{rel}","templated":true}]}}

<p>16.05.2024, 17 Uhr, Ratssaal, Rathausstraße 31, 58239 Schwerte<br></p>



<p><a href="http://gruene-schwerte.de/wp-content/uploads/2024/05/24_05_16_JHA_Einladung.pdf" data-type="attachment" data-id="8422" target="_blank" rel="noreferrer noopener">Einladung</a></p>



<p><a href="http://gruene-schwerte.de/wp-content/uploads/2024/05/24_05_16_JHA_Nachtrag.pdf" data-type="attachment" data-id="8483" target="_blank" rel="noreferrer noopener">Nachtrag</a></p>



<p><strong>Tagesordnung</strong></p>



<p>TOP 1 &#8211; Feststellung der form- und fristgerechten Einladung sowie Beschlussfähigkeit des Ausschusses</p>



<p>TOP 2 &#8211; Genehmigung der Tagesordnung</p>



<p>TOP 3 &#8211; Verpflichtung von Ausschussmitgliedern</p>



<p>TOP 4 &#8211; Einwohner*innenfragestunde</p>



<p>TOP 5 &#8211; Feststellung von Befangenheit</p>



<p>TOP 6 &#8211; Bericht aus dem Kinder- und Jugendparlament</p>



<p>TOP 7 &#8211; Aufgaben nach dem Landeskinderschutzgesetz &#8211; das neue Team<br>&#8222;Prävention und Kinderschutz&#8220;. Bericht: Daniel Gräve, Lejla Perhatovic und Stefan Jäger</p>



<p><a href="http://gruene-schwerte.de/wp-content/uploads/2024/05/24_05_16_JHA_X_1030_Anfrage_Erreichbarkeit.pdf" data-type="attachment" data-id="8420" target="_blank" rel="noreferrer noopener">TOP 7.1 &#8211; Erreichbarkeit des Jugendamtes &#8211; Anfrage der Fraktion Die Grünen (X/1030)</a></p>



<p><a href="http://gruene-schwerte.de/wp-content/uploads/2024/05/24_05_16_JHA_X_1040_Netzwerk-Kinderschutz.pdf" data-type="attachment" data-id="8484" target="_blank" rel="noreferrer noopener">zu TOP 7 &#8211; Integration des Ehrenamtes in das Netzwerk Kinderschutz &#8211; Antrag der SPD-Fraktion (X/1040)</a></p>



<p>TOP 8 &#8211; Ferienspaß &#8211; Rückblick 2023 und Ausblick 2024. Bericht: Christian Mogk</p>



<p><a href="http://gruene-schwerte.de/wp-content/uploads/2024/05/24_05_16_JHA_X_1031_Anfrage_InklusiveAngebote.pdf" data-type="attachment" data-id="8421" target="_blank" rel="noreferrer noopener">TOP 8.1 &#8211; Inklusive Angebote &#8211; Anfrage der Fraktion Die Grünen (X/1031)</a></p>



<p>TOP 9 &#8211; Bericht gemäß § 5 Zuständigkeitsordnung mit Beschlussausführungskontrolle</p>



<p>TOP 10 &#8211; Informationen und Anfragen</p>



<p>Protokoll &#8211; liegt noch nicht vor.</p>



<p>Beschlussausführungskontrolle &#8211; Liegt noch nicht vor.</p>

<p>16.05.2024, 17 Uhr, Ratssaal, Rathausstraße 31, 58239 Schwerte Einladung Nachtrag Tagesordnung TOP 1 &#8211; Feststellung der form- und fristgerechten Einladung sowie Beschlussfähigkeit des Ausschusses TOP 2 &#8211; Genehmigung der Tagesordnung [&hellip;]</p>
