{"id":8397,"date":"2024-05-08T21:11:15","date_gmt":"2024-05-08T19:11:15","guid":{"rendered":"http:\/\/gruene-schwerte.de\/?page_id=8397"},"modified":"2024-05-09T12:05:21","modified_gmt":"2024-05-09T10:05:21","slug":"24_05_14_abb","status":"publish","type":"page","link":"https:\/\/gruene-schwerte.de\/index.php\/24_05_14_abb\/","title":{"rendered":"TRISS &#8211; Ausschuss f\u00fcr B\u00fcrgeranregungen und -Beschwerden"},"content":{"rendered":"\n<p>14.05.2024, 17 Uhr, Ratssaal, Rathausstra\u00dfe 31, 58239 Schwerte<br><\/p>\n\n\n\n<p><\/p>\n\n\n\n<p><a href=\"http:\/\/gruene-schwerte.de\/wp-content\/uploads\/2024\/05\/24_05_14_ABB_Einladung.pdf\" data-type=\"attachment\" data-id=\"8403\" target=\"_blank\" rel=\"noreferrer noopener\">Einladung<\/a><\/p>\n\n\n\n<p><strong>Tagesordnung<\/strong><\/p>\n\n\n\n<p>TOP 1 &#8211; Feststellung der form- und fristgerechten Einladung sowie Beschlussf\u00e4higkeit des Ausschusses<\/p>\n\n\n\n<p>TOP 2 &#8211; Genehmigung der Tagesordnung<\/p>\n\n\n\n<p>TOP 3 &#8211; Feststellung von Befangenheit<\/p>\n\n\n\n<p>TOP 4 &#8211; Verpflichtung von Ausschussmitgliedern<\/p>\n\n\n\n<p>TOP 5 &#8211; B\u00fcrgerantrag: Abfallsammelstelle auf dem kleinen Markt (X\/1028)<\/p>\n\n\n\n<p><a href=\"http:\/\/gruene-schwerte.de\/wp-content\/uploads\/2024\/05\/24_05_14_ABB_TOP5_Vorlage.pdf\" data-type=\"attachment\" data-id=\"8406\" target=\"_blank\" rel=\"noreferrer noopener\">Vorlage<\/a><\/p>\n\n\n\n<p><a href=\"http:\/\/gruene-schwerte.de\/wp-content\/uploads\/2024\/05\/24_05_14_ABB_TOP5_Antrag.pdf\" data-type=\"attachment\" data-id=\"8404\" target=\"_blank\" rel=\"noreferrer noopener\">Antrag<\/a><\/p>\n\n\n\n<p><a href=\"http:\/\/gruene-schwerte.de\/wp-content\/uploads\/2024\/05\/24_05_14_ABB_TOP5_Stellungnahme.pdf\" data-type=\"attachment\" data-id=\"8405\" target=\"_blank\" rel=\"noreferrer noopener\">Stellungnahme der Verwaltung<\/a><\/p>\n\n\n\n<p>TOP 6 &#8211; B\u00fcrgerantrag: Durchf\u00fchrung eines Verkehrsversuchs zur Ausweisung einer Fahrradstra\u00dfe und Einrichtung von \u00dcberquerungshilfe (X\/1029)<\/p>\n\n\n\n<p><a href=\"http:\/\/gruene-schwerte.de\/wp-content\/uploads\/2024\/05\/24_05_14_ABB_TOP6_Vorlage.pdf\" data-type=\"attachment\" data-id=\"8409\" target=\"_blank\" rel=\"noreferrer noopener\">Vorlage<\/a><\/p>\n\n\n\n<p><a href=\"http:\/\/gruene-schwerte.de\/wp-content\/uploads\/2024\/05\/24_05_14_ABB_TOP6_Antrag.pdf\" data-type=\"attachment\" data-id=\"8407\" target=\"_blank\" rel=\"noreferrer noopener\">Antrag<\/a><\/p>\n\n\n\n<p><a href=\"http:\/\/gruene-schwerte.de\/wp-content\/uploads\/2024\/05\/24_05_14_ABB_TOP6_Stellungnahme.pdf\" data-type=\"attachment\" data-id=\"8408\" target=\"_blank\" rel=\"noreferrer noopener\">Stellungnahme der Verwaltung<\/a><\/p>\n\n\n\n<p>TOP 7 &#8211; Bericht gem\u00e4\u00df \u00a7 5 Zust\u00e4ndigkeitsordnung mit Beschlussausf\u00fchrungskontrolle<\/p>\n\n\n\n<p>TOP 8 &#8211; Informationen und Anfragen<\/p>\n\n\n\n<p>Protokoll &#8211; liegt noch nicht vor.<\/p>\n\n\n\n<p>Beschlussausf\u00fchrungskontrolle &#8211; Liegt noch nicht vor.<\/p>\n","protected":false},"excerpt":{"rendered":"<p>14.05.2024, 17 Uhr, Ratssaal, Rathausstra\u00dfe 31, 58239 Schwerte Einladung Tagesordnung TOP 1 &#8211; Feststellung der form- und fristgerechten Einladung sowie Beschlussf\u00e4higkeit des Ausschusses TOP 2 &#8211; Genehmigung der Tagesordnung TOP [&hellip;]<\/p>\n","protected":false},"author":2,"featured_media":0,"parent":0,"menu_order":0,"comment_status":"closed","ping_status":"closed","template":"","meta":{"ngg_post_thumbnail":0,"footnotes":""},"class_list":["post-8397","page","type-page","status-publish","hentry"],"jetpack_sharing_enabled":true,"_links":{"self":[{"href":"https:\/\/gruene-schwerte.de\/index.php\/wp-json\/wp\/v2\/pages\/8397","targetHints":{"allow":["GET"]}}],"collection":[{"href":"https:\/\/gruene-schwerte.de\/index.php\/wp-json\/wp\/v2\/pages"}],"about":[{"href":"https:\/\/gruene-schwerte.de\/index.php\/wp-json\/wp\/v2\/types\/page"}],"author":[{"embeddable":true,"href":"https:\/\/gruene-schwerte.de\/index.php\/wp-json\/wp\/v2\/users\/2"}],"replies":[{"embeddable":true,"href":"https:\/\/gruene-schwerte.de\/index.php\/wp-json\/wp\/v2\/comments?post=8397"}],"version-history":[{"count":4,"href":"https:\/\/gruene-schwerte.de\/index.php\/wp-json\/wp\/v2\/pages\/8397\/revisions"}],"predecessor-version":[{"id":8412,"href":"https:\/\/gruene-schwerte.de\/index.php\/wp-json\/wp\/v2\/pages\/8397\/revisions\/8412"}],"wp:attachment":[{"href":"https:\/\/gruene-schwerte.de\/index.php\/wp-json\/wp\/v2\/media?parent=8397"}],"curies":[{"name":"wp","href":"https:\/\/api.w.org\/{rel}","templated":true}]}}

TRISS &#8211; Ausschuss für Bürgeranregungen und -Beschwerden

<p>14.05.2024, 17 Uhr, Ratssaal, Rathausstraße 31, 58239 Schwerte<br></p>



<p></p>



<p><a href="http://gruene-schwerte.de/wp-content/uploads/2024/05/24_05_14_ABB_Einladung.pdf" data-type="attachment" data-id="8403" target="_blank" rel="noreferrer noopener">Einladung</a></p>



<p><strong>Tagesordnung</strong></p>



<p>TOP 1 &#8211; Feststellung der form- und fristgerechten Einladung sowie Beschlussfähigkeit des Ausschusses</p>



<p>TOP 2 &#8211; Genehmigung der Tagesordnung</p>



<p>TOP 3 &#8211; Feststellung von Befangenheit</p>



<p>TOP 4 &#8211; Verpflichtung von Ausschussmitgliedern</p>



<p>TOP 5 &#8211; Bürgerantrag: Abfallsammelstelle auf dem kleinen Markt (X/1028)</p>



<p><a href="http://gruene-schwerte.de/wp-content/uploads/2024/05/24_05_14_ABB_TOP5_Vorlage.pdf" data-type="attachment" data-id="8406" target="_blank" rel="noreferrer noopener">Vorlage</a></p>



<p><a href="http://gruene-schwerte.de/wp-content/uploads/2024/05/24_05_14_ABB_TOP5_Antrag.pdf" data-type="attachment" data-id="8404" target="_blank" rel="noreferrer noopener">Antrag</a></p>



<p><a href="http://gruene-schwerte.de/wp-content/uploads/2024/05/24_05_14_ABB_TOP5_Stellungnahme.pdf" data-type="attachment" data-id="8405" target="_blank" rel="noreferrer noopener">Stellungnahme der Verwaltung</a></p>



<p>TOP 6 &#8211; Bürgerantrag: Durchführung eines Verkehrsversuchs zur Ausweisung einer Fahrradstraße und Einrichtung von Überquerungshilfe (X/1029)</p>



<p><a href="http://gruene-schwerte.de/wp-content/uploads/2024/05/24_05_14_ABB_TOP6_Vorlage.pdf" data-type="attachment" data-id="8409" target="_blank" rel="noreferrer noopener">Vorlage</a></p>



<p><a href="http://gruene-schwerte.de/wp-content/uploads/2024/05/24_05_14_ABB_TOP6_Antrag.pdf" data-type="attachment" data-id="8407" target="_blank" rel="noreferrer noopener">Antrag</a></p>



<p><a href="http://gruene-schwerte.de/wp-content/uploads/2024/05/24_05_14_ABB_TOP6_Stellungnahme.pdf" data-type="attachment" data-id="8408" target="_blank" rel="noreferrer noopener">Stellungnahme der Verwaltung</a></p>



<p>TOP 7 &#8211; Bericht gemäß § 5 Zuständigkeitsordnung mit Beschlussausführungskontrolle</p>



<p>TOP 8 &#8211; Informationen und Anfragen</p>



<p>Protokoll &#8211; liegt noch nicht vor.</p>



<p>Beschlussausführungskontrolle &#8211; Liegt noch nicht vor.</p>

<p>14.05.2024, 17 Uhr, Ratssaal, Rathausstraße 31, 58239 Schwerte Einladung Tagesordnung TOP 1 &#8211; Feststellung der form- und fristgerechten Einladung sowie Beschlussfähigkeit des Ausschusses TOP 2 &#8211; Genehmigung der Tagesordnung TOP [&hellip;]</p>
