{"id":1906,"date":"2020-07-26T13:57:36","date_gmt":"2020-07-26T11:57:36","guid":{"rendered":"http:\/\/gruene-schwerte.de\/?page_id=1906"},"modified":"2021-04-16T12:29:52","modified_gmt":"2021-04-16T10:29:52","slug":"kultur","status":"publish","type":"page","link":"https:\/\/gruene-schwerte.de\/index.php\/kommunalwahl-2020\/programm\/kultur\/","title":{"rendered":"Kultur"},"content":{"rendered":"<h6>&lt; <a href=\"http:\/\/gruene-schwerte.de\/index.php\/gefluechtete\/\">Gefl\u00fcchtete<\/a> | <a href=\"http:\/\/gruene-schwerte.de\/index.php\/programm\/\">\u00dcbersicht<\/a> | <a href=\"http:\/\/gruene-schwerte.de\/index.php\/buergernahe-verwaltung\/\">B\u00fcrgernahe Verwaltung<\/a> &gt;<\/h6>\n<h1>&nbsp;<\/h1>\n<h1>Kultur in Schwerte<\/h1>\n<p>Schwerte kann stolz sein auf das reichhaltige Kulturleben in der Stadt. Leider kann Schwerte nicht stolz sein auf das, was die Stadt selber zur Kultur beisteuert. Denn der gr\u00f6\u00dfte Teil des st\u00e4dtischen Kulturlebens wird von freien Tr\u00e4gern, ganz h\u00e4ufig Ehrenamtlichen oder Selbstst\u00e4ndigen, geleistet. Sie leben meist von der Hand in den Mund, was im Rahmen der Pandemie sehr deutlich geworden ist. Initiativen wie das Theater am Fluss, das Studio 7 in der Heide, die Javana-Galerie, der Konzertverein, die Rohrmeisterei, oder Zusammenschl\u00fcsse bildender K\u00fcnstler mit eigenen Ausstellungsprojekten sind mittlerweile nicht mehr das Spielbein, sondern das entscheidende Standbein der Schwerter Kulturszene.&nbsp;<\/p>\n<p>Dass das kulturelle Angebot f\u00fcr den Lebenswert einer Stadt von gr\u00f6\u00dfter Bedeutung ist, braucht hier kaum extra betont zu werden. Auch ohne die aktuelle Krise w\u00fcssten wir, was alles fehlen w\u00fcrde ohne die vielen Veranstaltungen, die das Zusammenleben und den Blick auf die Stadt bereichern. Das gro\u00dfe&nbsp; B\u00fcrgerengagement in Schwerte ist allein&nbsp; schon ein Teil der lebendigen Kultur.&nbsp;&nbsp;<\/p>\n<p>Der st\u00e4dtische Beitrag zur Kultur ist gegenw\u00e4rtig im Kultur- und Weiterbildungsbetrieb (KuWeBe) organisiert, als selbstst\u00e4ndig arbeitende Anstalt \u00f6ffentlichen Rechts. Leider ist der KuWeBe nicht nur kaputtgespart worden, sondern schwebt seit zwei Jahren in der Ungewissheit \u00fcber seine Zukunft. Es gibt Bestrebungen, ihn in die klassische und wenig bewegliche \u00c4mterstruktur zur\u00fcckzuholen; seit zwei Jahren ohne ein weiterf\u00fchrendes Ergebnis.&nbsp;<\/p>\n<p>Angesichts dieser Lage ist es bewundernswert, was die Mitarbeiter des KuWeBe, in der Volkshochschule, der Musikschule, im Kulturb\u00fcro und in der B\u00fccherei dennoch geleistet haben. Es ist h\u00f6chste Zeit, dass ihnen eine verl\u00e4ssliche Perspektive geboten wird.<\/p>\n<p>Wir setzen uns daf\u00fcr ein, dass die Struktur einer Anstalt \u00f6ffentlichen Rechts, die der Kulturarbeit mehr Freiheit und Beweglichkeit gibt, beibehalten wird. Allerdings m\u00fcssen die st\u00e4dtischen Mittel daf\u00fcr deutlich erh\u00f6ht werden. Das Kulturb\u00fcro organisiert mit dem Welttheater und der Kleinkunstreihe zwei wichtige und unverzichtbare Veranstaltungen, die unbedingt beibehalten werden m\u00fcssen. Das Kulturb\u00fcro muss jedoch noch besser in die Lage versetzt werden, die Angebote der freien Kulturszene zu unterst\u00fctzen und ihnen die geb\u00fchrende Wertsch\u00e4tzung zukommen zu lassen; finanziell und durch Angebote von Vernetzung, Beratung, gemeinsamem Auftreten. Die VHS muss dabei gest\u00e4rkt werden, Digitalkultur in Schwerte zu pr\u00e4sentieren und zu f\u00f6rdern.<\/p>\n<p>Kultur braucht M\u00f6glichkeiten. Veranstaltungen sollten nicht l\u00e4nger durch restriktive Auflagen gebremst werden und m\u00fcssen auch nach 22 Uhr stattfinden d\u00fcrfen. Dies ist auch ein wichtiger Beitrag, um den Schwerter Gastronomen und Veranstaltern zu helfen.<\/p>\n<p>Kultur braucht Vielfalt. Deswegen k\u00f6nnen wir nicht nur etablierte kulturelle Akteure, die alle eine \u00e4hnliche Zielgruppe bedienen, f\u00f6rdern. Eine Punkband muss \u00e4hnliche Beachtung finden wie ein Kammerorchester. Graffiti muss genauso gef\u00f6rdert werden wie klassische Malerei.<\/p>\n<p>Wir unterst\u00fctzen die Arbeit der B\u00fcrgerstiftung St. Viktor mit ihrem Projekt Schwerter Mitte, die am Ort des alten Rathauses neue Formen von Ausstellungen und Veranstaltungen plant.<\/p>\n<h5>Was hast du davon:<br \/>\nWir m\u00f6chten, dass die vielf\u00e4ltige Kultur in Schwerte dich bereichern und inspirieren kann. Und wir m\u00f6chten dir viele Gelegenheiten geben, damit du daran teilnehmen kannst.<\/h5>\n<p>&nbsp;<\/p>\n<h6>&lt; <a href=\"http:\/\/gruene-schwerte.de\/index.php\/gefluechtete\/\">Gefl\u00fcchtete<\/a> | <a href=\"http:\/\/gruene-schwerte.de\/index.php\/programm\/\">\u00dcbersicht<\/a> | <a href=\"http:\/\/gruene-schwerte.de\/index.php\/buergernahe-verwaltung\/\">B\u00fcrgernahe Verwaltung<\/a> &gt;<\/h6>\n","protected":false},"excerpt":{"rendered":"<p>&lt; Gefl\u00fcchtete | \u00dcbersicht | B\u00fcrgernahe Verwaltung &gt; &nbsp; Kultur in Schwerte Schwerte kann stolz sein auf das reichhaltige Kulturleben in der Stadt. Leider kann Schwerte nicht stolz sein auf [&hellip;]<\/p>\n","protected":false},"author":2,"featured_media":0,"parent":1746,"menu_order":0,"comment_status":"closed","ping_status":"closed","template":"","meta":{"ngg_post_thumbnail":0,"footnotes":""},"class_list":["post-1906","page","type-page","status-publish","hentry"],"jetpack_sharing_enabled":true,"_links":{"self":[{"href":"https:\/\/gruene-schwerte.de\/index.php\/wp-json\/wp\/v2\/pages\/1906","targetHints":{"allow":["GET"]}}],"collection":[{"href":"https:\/\/gruene-schwerte.de\/index.php\/wp-json\/wp\/v2\/pages"}],"about":[{"href":"https:\/\/gruene-schwerte.de\/index.php\/wp-json\/wp\/v2\/types\/page"}],"author":[{"embeddable":true,"href":"https:\/\/gruene-schwerte.de\/index.php\/wp-json\/wp\/v2\/users\/2"}],"replies":[{"embeddable":true,"href":"https:\/\/gruene-schwerte.de\/index.php\/wp-json\/wp\/v2\/comments?post=1906"}],"version-history":[{"count":2,"href":"https:\/\/gruene-schwerte.de\/index.php\/wp-json\/wp\/v2\/pages\/1906\/revisions"}],"predecessor-version":[{"id":1938,"href":"https:\/\/gruene-schwerte.de\/index.php\/wp-json\/wp\/v2\/pages\/1906\/revisions\/1938"}],"up":[{"embeddable":true,"href":"https:\/\/gruene-schwerte.de\/index.php\/wp-json\/wp\/v2\/pages\/1746"}],"wp:attachment":[{"href":"https:\/\/gruene-schwerte.de\/index.php\/wp-json\/wp\/v2\/media?parent=1906"}],"curies":[{"name":"wp","href":"https:\/\/api.w.org\/{rel}","templated":true}]}}