{"id":12452,"date":"2025-07-02T12:42:39","date_gmt":"2025-07-02T10:42:39","guid":{"rendered":"https:\/\/gruene-schwerte.de\/?page_id=12452"},"modified":"2025-07-09T22:02:45","modified_gmt":"2025-07-09T20:02:45","slug":"dunja-schelter","status":"publish","type":"page","link":"https:\/\/gruene-schwerte.de\/index.php\/dunja-schelter\/","title":{"rendered":"Dunja Schelter"},"content":{"rendered":"\n<div class=\"wp-block-media-text is-stacked-on-mobile\" style=\"grid-template-columns:44% auto\"><figure class=\"wp-block-media-text__media\"><img loading=\"lazy\" decoding=\"async\" width=\"800\" height=\"1000\" src=\"http:\/\/gruene-schwerte.de\/wp-content\/uploads\/2025\/07\/22_Dunja-Schelter-800x1000.jpg\" alt=\"\" class=\"wp-image-12520 size-full\" srcset=\"https:\/\/gruene-schwerte.de\/wp-content\/uploads\/2025\/07\/22_Dunja-Schelter-800x1000.jpg 800w, https:\/\/gruene-schwerte.de\/wp-content\/uploads\/2025\/07\/22_Dunja-Schelter-400x500.jpg 400w, https:\/\/gruene-schwerte.de\/wp-content\/uploads\/2025\/07\/22_Dunja-Schelter-768x960.jpg 768w, https:\/\/gruene-schwerte.de\/wp-content\/uploads\/2025\/07\/22_Dunja-Schelter.jpg 1080w\" sizes=\"auto, (max-width: 800px) 100vw, 800px\" \/><\/figure><div class=\"wp-block-media-text__content\">\n<ul class=\"wp-block-list\">\n<li>Fraktionsgesch\u00e4ftsf\u00fchrerin und Mitglied der Gr\u00fcnen seit 14 Jahren<\/li>\n\n\n\n<li>56 Jahre, verheiratet, 3 Kinder<\/li>\n<\/ul>\n\n\n\n<p>Ich lebe seit meiner Geburt in Schwerte, davon 27 Jahren in Geisecke. In Schwerte bin ich tief verwurzelt und wei\u00df die Stadt als Lebensort mitsamt vieler Qualit\u00e4ten zu sch\u00e4tzen. Pers\u00f6nlich bin ich in der naturnahen Umgebung rings um Geisecke gerne und viel auf verschiedene Weise mit Kanu, Fahrrad oder in Wanderschuhen unterwegs.<\/p>\n\n\n\n<div style=\"height:31px\" aria-hidden=\"true\" class=\"wp-block-spacer\"><\/div>\n\n\n\n<ul class=\"wp-block-social-links is-layout-flex wp-block-social-links-is-layout-flex\"><li class=\"wp-social-link wp-social-link-mail  wp-block-social-link\"><a href=\"#\" data-unscramble=\"ed;640#&;101#&trew;401#&;990#&s-;101#&;011#&;101#&u;411#&;301#&;460#&;411#&e;611#&l;101#&;401#&;990#&;511#&;640#&;790#&j;011#&uD\" class=\"wp-block-social-link-anchor\"><svg width=\"24\" height=\"24\" viewBox=\"0 0 24 24\" version=\"1.1\" xmlns=\"http:\/\/www.w3.org\/2000\/svg\" aria-hidden=\"true\" focusable=\"false\"><path d=\"M19,5H5c-1.1,0-2,.9-2,2v10c0,1.1.9,2,2,2h14c1.1,0,2-.9,2-2V7c0-1.1-.9-2-2-2zm.5,12c0,.3-.2.5-.5.5H5c-.3,0-.5-.2-.5-.5V9.8l7.5,5.6,7.5-5.6V17zm0-9.1L12,13.6,4.5,7.9V7c0-.3.2-.5.5-.5h14c.3,0,.5.2.5.5v.9z\"><\/path><\/svg><span class=\"wp-block-social-link-label screen-reader-text\">E-Mail<\/span><\/a><\/li><\/ul>\n<\/div><\/div>\n\n\n\n<div style=\"height:31px\" aria-hidden=\"true\" class=\"wp-block-spacer\"><\/div>\n\n\n\n<h1 class=\"wp-block-heading\">Meine Herzensthemen auf einen Blick: <\/h1>\n\n\n\n<div style=\"height:16px\" aria-hidden=\"true\" class=\"wp-block-spacer\"><\/div>\n\n\n\n<div class=\"wp-block-group is-layout-constrained wp-block-group-is-layout-constrained\">\n<h3 class=\"wp-block-heading has-text-color has-link-color has-gruenetype-font-family wp-elements-209c21f2e9d299b802b789ca81ed33dd\" style=\"color:#2b8554\">Politik sichtbar und verst\u00e4ndlich f\u00fcr alle gestalten.<\/h3>\n\n\n\n<p>Transparente Entscheidungen, bei denen alle B\u00fcrger*innen fr\u00fchzeitig beteiligt werden, schaffen eine lebendige und stabile Demokratie in unserer Stadt.<\/p>\n\n\n\n<p>Daf\u00fcr m\u00f6chten wir:<\/p>\n\n\n\n<ul class=\"wp-block-list\">\n<li>Soziale Projekte unterst\u00fctzen und die F\u00f6rderung von Bildung und Beteiligung der B\u00fcrgerinnen und B\u00fcrger an Entscheidungsprozessen st\u00e4rken.<\/li>\n\n\n\n<li>Sitzungen des Stadtrates und der Aussch\u00fcsse streamen.<\/li>\n\n\n\n<li>Die Website und st\u00e4dtische Dokumente in einfacher Sprache zur Verf\u00fcgung stellen.<\/li>\n\n\n\n<li>H\u00fcrden bei direkten Beteiligungsformaten, wie der MitMachStadt, senken.<\/li>\n<\/ul>\n<\/div>\n\n\n\n<div style=\"height:16px\" aria-hidden=\"true\" class=\"wp-block-spacer\"><\/div>\n\n\n\n<div class=\"wp-block-group is-layout-constrained wp-block-group-is-layout-constrained\">\n<h3 class=\"wp-block-heading has-text-color has-link-color has-gruenetype-font-family wp-elements-6ccdee0117db72c4bf84a32204108e84\" style=\"color:#2b8554\">Ein Schwerte, das Klima und Menschen sch\u00fctzt.<\/h3>\n\n\n\n<p>Damit Schwerte das Ziel \u201eKlimaneutral 2040\u201c erreicht, erstellen wir ein Klimaschutzkonzept, das diesen Namen auch verdient. Dabei schaffen Erneuerbare Energien in Schwerte lokal Wohlstand und machen uns unabh\u00e4ngig, wir f\u00f6rdern den Ausbau im privaten und \u00f6ffentlichen Raum.<\/p>\n\n\n\n<p>Die bereits jetzt sp\u00fcrbaren Auswirkungen des Klimawandels bek\u00e4mpfen wir durch:<\/p>\n\n\n\n<ul class=\"wp-block-list\">\n<li>Schutz und St\u00e4rkung der sch\u00fctzenswerten Natur wie die Ruhrauen, Gr\u00fcnz\u00fcge und W\u00e4lder zur Sicherung einer gesunden Umwelt vor Ort.<\/li>\n\n\n\n<li>Klima- und Umweltschutz, Erhalt der \u00d6kosysteme und Natur-,&nbsp; Arten- und Tierschutz.<\/li>\n\n\n\n<li>Erhalt und Erweiterung gr\u00fcner Inseln im Innenstadtbereich, die bei Hitzeperioden zur Abk\u00fchlung der \u00dcberhitzung unserer Stadt dienen.<\/li>\n<\/ul>\n<\/div>\n\n\n\n<div style=\"height:16px\" aria-hidden=\"true\" class=\"wp-block-spacer\"><\/div>\n\n\n\n<div class=\"wp-block-group is-layout-constrained wp-block-group-is-layout-constrained\">\n<h3 class=\"wp-block-heading has-text-color has-link-color has-gruenetype-font-family wp-elements-c0ed99dc9125224a2fb0fce5499b2fda\" style=\"color:#2b8554\">Eine menschenfreundliche Mobilit\u00e4t f\u00fcr alle.<\/h3>\n\n\n\n<p>Mobilit\u00e4t ist Lebensqualit\u00e4t, ob mit oder ohne F\u00fchrerschein. Wir gestalten sie zuverl\u00e4ssig, bequem, bezahlbar und mit dem Ziel der Klimaneutralit\u00e4t \u2013 an den Bed\u00fcrfnissen aller orientiert.<\/p>\n\n\n\n<p>Das bedeutet f\u00fcr uns:<\/p>\n\n\n\n<ul class=\"wp-block-list\">\n<li>Eine nachhaltige Mobilit\u00e4t und umweltfreundliche Verkehrskonzepte mit st\u00e4rkerer Ber\u00fccksichtigung der Interessen von Radfahrer*innen.&nbsp;<\/li>\n\n\n\n<li>Radwege in der ganzen Stadt und zwischen den Ortsteilen.<\/li>\n\n\n\n<li>Ausreichend kostenlose und sichere Fahrradstellpl\u00e4tze in ganz Schwerte.<\/li>\n\n\n\n<li>Taktung der Busse erh\u00f6hen, Ortsteile besser anbinden.<\/li>\n<\/ul>\n<\/div>\n\n\n\n<div style=\"height:16px\" aria-hidden=\"true\" class=\"wp-block-spacer\"><\/div>\n\n\n\n<div class=\"wp-block-group is-layout-constrained wp-block-group-is-layout-constrained\">\n<h3 class=\"wp-block-heading has-text-color has-link-color has-gruenetype-font-family wp-elements-522c76a58af907b5d922ac7cb19426d4\" style=\"color:#2b8554\">Ein Schwerte, in dem die Eigenst\u00e4ndigkeit und Teilhabe von Frauen gef\u00f6rdert werden.<\/h3>\n\n\n\n<p>Frauen sind in unserer Gesellschaft noch immer benachteiligt, die Zahlen h\u00e4uslicher Gewalt steigen. Deshalb setzen wir uns daf\u00fcr ein, dass die Frauenhauspl\u00e4tze im Kreis erweitert werden.<\/p>\n\n\n\n<p>Um die Eigenst\u00e4ndigkeit von Frauen zu st\u00e4rken, m\u00f6chten wir in Schwerte ein M\u00fctterzentrum und Mehrgenerationenhaus einrichten. Hier gibt es die M\u00f6glichkeit, Kinderbetreuung und Bildungsangebote zeitgleich in Anspruch zu nehmen.<\/p>\n\n\n\n<p>Durch eine flexiblere Gestaltung von OGS und Kita k\u00f6nnen auch Alleinerziehende unterst\u00fctzt werden. Eine Kinderbetreuung w\u00e4hrend der Sitzungen von Stadtrat und Aussch\u00fcssen f\u00f6rdert die politische Teilhabe von Eltern, insbesondere M\u00fcttern.<\/p>\n<\/div>\n","protected":false},"excerpt":{"rendered":"<p>Meine Herzensthemen auf einen Blick: Politik sichtbar und verst\u00e4ndlich f\u00fcr alle gestalten. Transparente Entscheidungen, bei denen alle B\u00fcrger*innen fr\u00fchzeitig beteiligt werden, schaffen eine lebendige und stabile Demokratie in unserer Stadt. [&hellip;]<\/p>\n","protected":false},"author":12,"featured_media":0,"parent":0,"menu_order":0,"comment_status":"closed","ping_status":"closed","template":"","meta":{"ngg_post_thumbnail":0,"footnotes":""},"class_list":["post-12452","page","type-page","status-publish","hentry"],"jetpack_sharing_enabled":true,"_links":{"self":[{"href":"https:\/\/gruene-schwerte.de\/index.php\/wp-json\/wp\/v2\/pages\/12452","targetHints":{"allow":["GET"]}}],"collection":[{"href":"https:\/\/gruene-schwerte.de\/index.php\/wp-json\/wp\/v2\/pages"}],"about":[{"href":"https:\/\/gruene-schwerte.de\/index.php\/wp-json\/wp\/v2\/types\/page"}],"author":[{"embeddable":true,"href":"https:\/\/gruene-schwerte.de\/index.php\/wp-json\/wp\/v2\/users\/12"}],"replies":[{"embeddable":true,"href":"https:\/\/gruene-schwerte.de\/index.php\/wp-json\/wp\/v2\/comments?post=12452"}],"version-history":[{"count":3,"href":"https:\/\/gruene-schwerte.de\/index.php\/wp-json\/wp\/v2\/pages\/12452\/revisions"}],"predecessor-version":[{"id":12529,"href":"https:\/\/gruene-schwerte.de\/index.php\/wp-json\/wp\/v2\/pages\/12452\/revisions\/12529"}],"wp:attachment":[{"href":"https:\/\/gruene-schwerte.de\/index.php\/wp-json\/wp\/v2\/media?parent=12452"}],"curies":[{"name":"wp","href":"https:\/\/api.w.org\/{rel}","templated":true}]}}